{"id":64,"date":"2020-08-27T13:56:46","date_gmt":"2020-08-27T13:56:46","guid":{"rendered":"https:\/\/blog.yoopies.pt\/regresso-as-aulas-dicas-para-um-retorno-as-escola-sem-covid-19\/"},"modified":"2025-06-12T08:50:12","modified_gmt":"2025-06-12T08:50:12","slug":"regresso-as-aulas-dicas-para-um-retorno-as-escola-sem-covid-19","status":"publish","type":"page","link":"https:\/\/yoopies.pt\/c\/regresso-as-aulas-dicas-para-um-retorno-as-escola-sem-covid-19\/","title":{"rendered":"Regresso \u00e0s aulas: dicas para um retorno \u00e0s escola sem Covid-19"},"content":{"rendered":"<p><p>&#8220;Trouxeste a m&aacute;scara?&#8221; e &#8220;N&atilde;o toques nisso!&#8221; s&atilde;o frases que vamos continuar a dizer aos mi&uacute;dos, especialmente agora. Setembro aproxima-se, e com ele um grande desafio: fazer com que as crian&ccedil;as voltem &agrave;s escolas e respeitem as medidas de prote&ccedil;&atilde;o contra o Covid-19. E quanto a n&oacute;s? O que podemos fazer, como pais, para que tudo corra da melhor maneira poss&iacute;vel? Veja as dicas que a Yoopies selecionou para que as crian&ccedil;as voltem &agrave;s escolas com mais seguran&ccedil;a.<\/p>\n<p class=\"block-img\"><img decoding=\"async\" src=\"https:\/\/yoopies.pt\/c\/wp-content\/uploads\/sites\/15\/2020\/08\/5e94ea59-1561-45bd-b92d-6dfb77fc796f_Untitleddesign28829.jpg\" alt=\"\"><\/p>\n<\/p>\n<p><p><strong>1. Organize a colec&ccedil;&atilde;o de m&aacute;scaras das crian&ccedil;as<\/strong><\/p>\n<\/p>\n<p><p>As m&aacute;scaras j&aacute; fazem parte da nossa vida quotidiana, e os estudantes do 2&ordm; ciclo em diante ter&atilde;o de as usar na escola. &Eacute; importante que tenham m&aacute;scaras do tamanho certo, sem materiais nocivos e em n&uacute;mero suficiente para lav&aacute;-las sempre que necess&aacute;rio. <\/p>\n<\/p>\n<p><p><strong>2. Consiga pequenos frascos de desinfetante<\/strong><\/p>\n<\/p>\n<p><p>As escolas fornecer&atilde;o solu&ccedil;&otilde;es &agrave; base de &aacute;lcool para a desinfec&ccedil;&atilde;o das m&atilde;os, mas &eacute; importante que as crian&ccedil;as estejam preparadas para tal. Por isso, sugerimos que comece a habituar as crian&ccedil;as a esta nova realidade. Consiga uma pequeno frasco de desinfectante para cada uma (excepto para as crian&ccedil;as mais pequenas, claro) e pe&ccedil;a &agrave;s crian&ccedil;as para desinfectarem sempre as m&atilde;os depois de tocarem em algo sujo, antes de comerem e antes de tocarem no rosto &#8211; e lembrem de que &eacute; preciso esperar que o &aacute;lcool seque para levar a m&atilde;o no rosto. No entanto, se for poss&iacute;vel lavar as suas m&atilde;os frequentemente, melhor ainda!  &#8211; &Aacute;gua e sab&atilde;o s&atilde;o prefer&iacute;veis.<\/p>\n<\/p>\n<p><p><strong>3. Revejam ainda em casa &#8211; e em fam&iacute;lia &#8211; as medidas de preven&ccedil;&atilde;o<\/strong><\/p>\n<\/p>\n<p><p>Acreditamos que j&aacute; est&atilde;o fartos de repetir todas as novas regras de higieniza&ccedil;&atilde;o, mas uma recapitula&ccedil;&atilde;o antes do in&iacute;cio das aulas &eacute; extremamente importante e pode poupar muito tempo aos professores e aos assistentes educativos. <\/p>\n<\/p>\n<p><p>Listamos abaixo as orienta&ccedil;&otilde;es principais: <\/p>\n<ul>\n<li><strong>Usar a m&aacute;scara corretamente:<\/strong> cobrir o nariz e o queixo e garantir que n&atilde;o h&aacute; espa&ccedil;os abertos entre a m&aacute;scara e a pele. Lavar as m&atilde;os antes e depois de retirar a m&aacute;scara e remov&ecirc;-la (n&atilde;o baixar simplesmente) quando n&atilde;o precisar de a usar.<\/li>\n<li><strong>Limpar bem as m&atilde;os:<\/strong> lavar as m&atilde;os frequentemente com sab&atilde;o e utilizar desinfectante sempre que necess&aacute;rio. Evite colocar as m&atilde;os sobre o rosto. &Eacute; tamb&eacute;m importante higienizar objectos regularmente utilizados, tais como telem&oacute;veis.<\/li>\n<li><strong>Distanciamento social:<\/strong> manter uma dist&acirc;ncia de seguran&ccedil;a das outras pessoas (2 metros) e evitar ajuntamentos ou locais com concentra&ccedil;&otilde;es de pessoas. <\/li>\n<li><strong>Ter especial cuidado com as pessoas do grupo de risco<\/strong>, tais como idosos, doentes card&iacute;acos, diab&eacute;ticos, doentes pulmonares e pessoas com um sistema imunit&aacute;rio fraco.<\/li>\n<li><strong>Etiqueta Respirat&oacute;ria:<\/strong> tossir e espirrar para dentro do cotovelo ou num len&ccedil;o de papel e longe de outras pessoas, desinfectando e lavando as m&atilde;os imediatamente a seguir. <\/li>\n<\/ul>\n<p><p><strong>Dica da Yoopies:<\/strong> fa&ccedil;a um jogo em fam&iacute;lia para garantir que os mais pequenos conhecem todas as medidas de preven&ccedil;&atilde;o e as regras da etiqueta respirat&oacute;ria de forma l&uacute;dica e divertida. Uma excelente op&ccedil;&atilde;o &eacute; fazer um quiz com perguntas como &#8220;Durante quanto tempo devemos lavar as m&atilde;os?&#8221; ou &#8220;Que partes do nosso rosto a m&aacute;scara deve cobrir? Pode dividir-se em equipas e quem responder a cada pergunta acumula pontos mais rapidamente. O pr&eacute;mio fica &agrave; vossa escolha! \ud83d\ude09<\/p>\n<p class=\"block-img\"><img decoding=\"async\" src=\"https:\/\/yoopies.pt\/c\/wp-content\/uploads\/sites\/15\/2020\/08\/b77e0dac-82e3-420d-a933-7ae5a3be22b8_Untitleddesign28729.jpg\" alt=\"\"><\/p>\n<\/p>\n<p><p><strong>4. Familiarizem-se com as novas regras das escolas<\/strong><\/p>\n<\/p>\n<p><p>O Minist&eacute;rio da Educa&ccedil;&atilde;o j&aacute; divulgou as principais informa&ccedil;&otilde;es a respeito do novo ano letivo e as medidas de preven&ccedil;&atilde;o contra o Covid-19 que que devem ser adotadas nas escolas &#8211; <a href=\"https:\/\/yoopies.pt\/c\/regresso-as-aulas-o-que-esperar-do-ano-letivo-20202021\">clique aqui e veja o resumo da Yoopies<\/a>! Entre eles est&atilde;o o uso obrigat&oacute;rio de m&aacute;scaras para estudantes a partir do 2&ordm; ciclo, a delimita&ccedil;&atilde;o de circuitos internos e espec&iacute;ficos para circula&ccedil;&atilde;o na escola, o refor&ccedil;o na limpeza e salas de aulas fixas para grupos espec&iacute;ficos. <\/p>\n<\/p>\n<p><p>Os pais ser&atilde;o tamb&eacute;m brevemente contactados pelos respectivos agrupamentos a que pertencem as escolas das crian&ccedil;as, com a divulga&ccedil;&atilde;o de todas as medidas e regras a seguir pelo estabelecimento, pelos pais e pelos pr&oacute;prios alunos.<\/p>\n<\/p>\n<p><p><strong>5. Tenha calma, paci&ecirc;ncia e tranquilidade <\/strong><\/p>\n<\/p>\n<p><p>Embora estejamos a viver uma nova realidade h&aacute; j&aacute; alguns meses, o medo e a ansiedade s&atilde;o sentimentos que infelizmente podem surgir. No entanto, o momento &eacute; at&iacute;pico para todos e com paci&ecirc;ncia e tranquilidade lidaremos melhor com os problemas, as d&uacute;vidas e as nossas inseguran&ccedil;as. Os problemas de sa&uacute;de mental t&ecirc;m crescido tanto em adultos como em crian&ccedil;as. Por esta raz&atilde;o, &eacute; necess&aacute;rio permanecer calmo e compreendermo-nos mutuamente e, sobretudo, explicar esta situa&ccedil;&atilde;o com a maior paci&ecirc;ncia poss&iacute;vel.<\/p>\n<\/p>\n<p><a class=\"button\" href=\"https:\/\/yoopies.pt\/babysitting\">Encontre babysitters dispon\u00edveis e perto de si! <\/a><\/p>\n<p><p>Veja tamb&eacute;m: <\/p>\n<p><a href=\"https:\/\/yoopies.pt\/c\/regresso-as-aulas-o-que-esperar-do-ano-letivo-20202021\">\ud83d\udc49 R<strong>egresso &agrave;s Aulas: o que esperar do ano letivo 2020\/2021?<br \/>\n\ud83d\udc49 Regresso &agrave;s Aulas: enviar as crian&ccedil;as de volta &agrave; escola pode salvar a economia?<\/strong><\/a><\/p><\/p>\n","protected":false},"excerpt":{"rendered":"<p>&#8220;Trouxeste a m&aacute;scara?&#8221; e &#8220;N&atilde;o toques nisso!&#8221; s&atilde;o frases que vamos continuar a dizer aos &hellip; <\/p>\n","protected":false},"author":10,"featured_media":67,"parent":0,"menu_order":0,"comment_status":"closed","ping_status":"closed","template":"","meta":{"_acf_changed":false,"footnotes":""},"class_list":["post-64","page","type-page","status-publish","has-post-thumbnail","hentry"],"acf":[],"yoast_head":"<!-- This site is optimized with the Yoast SEO plugin v26.9 - https:\/\/yoast.com\/product\/yoast-seo-wordpress\/ -->\n<title>Dicas para o regresso \u00e0s escola sem Covid-19<\/title>\n<meta name=\"description\" content=\"Como ser\u00e1 o regresso \u00e0 escola? Veja as dicas que a Yoopies selecionou para que as crian\u00e7as regressem \u00e0 escola de forma mais segura e respeitem as medidas contra a Covid-19.\" \/>\n<meta name=\"robots\" content=\"index, follow, max-snippet:-1, max-image-preview:large, max-video-preview:-1\" \/>\n<link rel=\"canonical\" href=\"https:\/\/yoopies.pt\/c\/regresso-as-aulas-dicas-para-um-retorno-as-escola-sem-covid-19\/\" \/>\n<meta property=\"og:locale\" content=\"pt_PT\" \/>\n<meta property=\"og:type\" content=\"article\" \/>\n<meta property=\"og:title\" content=\"Dicas para o regresso \u00e0s escola sem Covid-19\" \/>\n<meta property=\"og:description\" content=\"Como ser\u00e1 o regresso \u00e0 escola? Veja as dicas que a Yoopies selecionou para que as crian\u00e7as regressem \u00e0 escola de forma mais segura e respeitem as medidas contra a Covid-19.\" \/>\n<meta property=\"og:url\" content=\"https:\/\/yoopies.pt\/c\/regresso-as-aulas-dicas-para-um-retorno-as-escola-sem-covid-19\/\" \/>\n<meta property=\"og:site_name\" content=\"Yoopies Portugal\" \/>\n<meta property=\"article:modified_time\" content=\"2025-06-12T08:50:12+00:00\" \/>\n<meta property=\"og:image\" content=\"https:\/\/yoopies.pt\/c\/wp-content\/uploads\/sites\/15\/2020\/08\/5e94ea59-1561-45bd-b92d-6dfb77fc796f-untitleddesign28829.jpg\" \/>\n\t<meta property=\"og:image:width\" content=\"1200\" \/>\n\t<meta property=\"og:image:height\" content=\"675\" \/>\n\t<meta property=\"og:image:type\" content=\"image\/jpeg\" \/>\n<meta name=\"twitter:card\" content=\"summary_large_image\" \/>\n<meta name=\"twitter:label1\" content=\"Tempo estimado de leitura\" \/>\n\t<meta name=\"twitter:data1\" content=\"5 minutos\" \/>\n<script type=\"application\/ld+json\" class=\"yoast-schema-graph\">{\"@context\":\"https:\/\/schema.org\",\"@graph\":[{\"@type\":\"WebPage\",\"@id\":\"https:\/\/yoopies.pt\/c\/regresso-as-aulas-dicas-para-um-retorno-as-escola-sem-covid-19\/\",\"url\":\"https:\/\/yoopies.pt\/c\/regresso-as-aulas-dicas-para-um-retorno-as-escola-sem-covid-19\/\",\"name\":\"Dicas para o regresso \u00e0s escola sem Covid-19\",\"isPartOf\":{\"@id\":\"https:\/\/yoopies.pt\/c\/#website\"},\"primaryImageOfPage\":{\"@id\":\"https:\/\/yoopies.pt\/c\/regresso-as-aulas-dicas-para-um-retorno-as-escola-sem-covid-19\/#primaryimage\"},\"image\":{\"@id\":\"https:\/\/yoopies.pt\/c\/regresso-as-aulas-dicas-para-um-retorno-as-escola-sem-covid-19\/#primaryimage\"},\"thumbnailUrl\":\"https:\/\/yoopies.pt\/c\/wp-content\/uploads\/sites\/15\/2020\/08\/5e94ea59-1561-45bd-b92d-6dfb77fc796f-untitleddesign28829.jpg\",\"datePublished\":\"2020-08-27T13:56:46+00:00\",\"dateModified\":\"2025-06-12T08:50:12+00:00\",\"description\":\"Como ser\u00e1 o regresso \u00e0 escola? Veja as dicas que a Yoopies selecionou para que as crian\u00e7as regressem \u00e0 escola de forma mais segura e respeitem as medidas contra a Covid-19.\",\"breadcrumb\":{\"@id\":\"https:\/\/yoopies.pt\/c\/regresso-as-aulas-dicas-para-um-retorno-as-escola-sem-covid-19\/#breadcrumb\"},\"inLanguage\":\"pt-PT\",\"potentialAction\":[{\"@type\":\"ReadAction\",\"target\":[\"https:\/\/yoopies.pt\/c\/regresso-as-aulas-dicas-para-um-retorno-as-escola-sem-covid-19\/\"]}]},{\"@type\":\"ImageObject\",\"inLanguage\":\"pt-PT\",\"@id\":\"https:\/\/yoopies.pt\/c\/regresso-as-aulas-dicas-para-um-retorno-as-escola-sem-covid-19\/#primaryimage\",\"url\":\"https:\/\/yoopies.pt\/c\/wp-content\/uploads\/sites\/15\/2020\/08\/5e94ea59-1561-45bd-b92d-6dfb77fc796f-untitleddesign28829.jpg\",\"contentUrl\":\"https:\/\/yoopies.pt\/c\/wp-content\/uploads\/sites\/15\/2020\/08\/5e94ea59-1561-45bd-b92d-6dfb77fc796f-untitleddesign28829.jpg\",\"width\":1200,\"height\":675},{\"@type\":\"BreadcrumbList\",\"@id\":\"https:\/\/yoopies.pt\/c\/regresso-as-aulas-dicas-para-um-retorno-as-escola-sem-covid-19\/#breadcrumb\",\"itemListElement\":[{\"@type\":\"ListItem\",\"position\":1,\"name\":\"Home\",\"item\":\"https:\/\/yoopies.pt\/c\/\"},{\"@type\":\"ListItem\",\"position\":2,\"name\":\"Regresso \u00e0s aulas: dicas para um retorno \u00e0s escola sem Covid-19\"}]},{\"@type\":\"WebSite\",\"@id\":\"https:\/\/yoopies.pt\/c\/#website\",\"url\":\"https:\/\/yoopies.pt\/c\/\",\"name\":\"Yoopies Portugal\",\"description\":\"\",\"potentialAction\":[{\"@type\":\"SearchAction\",\"target\":{\"@type\":\"EntryPoint\",\"urlTemplate\":\"https:\/\/yoopies.pt\/c\/?s={search_term_string}\"},\"query-input\":{\"@type\":\"PropertyValueSpecification\",\"valueRequired\":true,\"valueName\":\"search_term_string\"}}],\"inLanguage\":\"pt-PT\"}]}<\/script>\n<!-- \/ Yoast SEO plugin. -->","yoast_head_json":{"title":"Dicas para o regresso \u00e0s escola sem Covid-19","description":"Como ser\u00e1 o regresso \u00e0 escola? Veja as dicas que a Yoopies selecionou para que as crian\u00e7as regressem \u00e0 escola de forma mais segura e respeitem as medidas contra a Covid-19.","robots":{"index":"index","follow":"follow","max-snippet":"max-snippet:-1","max-image-preview":"max-image-preview:large","max-video-preview":"max-video-preview:-1"},"canonical":"https:\/\/yoopies.pt\/c\/regresso-as-aulas-dicas-para-um-retorno-as-escola-sem-covid-19\/","og_locale":"pt_PT","og_type":"article","og_title":"Dicas para o regresso \u00e0s escola sem Covid-19","og_description":"Como ser\u00e1 o regresso \u00e0 escola? Veja as dicas que a Yoopies selecionou para que as crian\u00e7as regressem \u00e0 escola de forma mais segura e respeitem as medidas contra a Covid-19.","og_url":"https:\/\/yoopies.pt\/c\/regresso-as-aulas-dicas-para-um-retorno-as-escola-sem-covid-19\/","og_site_name":"Yoopies Portugal","article_modified_time":"2025-06-12T08:50:12+00:00","og_image":[{"width":1200,"height":675,"url":"https:\/\/yoopies.pt\/c\/wp-content\/uploads\/sites\/15\/2020\/08\/5e94ea59-1561-45bd-b92d-6dfb77fc796f-untitleddesign28829.jpg","type":"image\/jpeg"}],"twitter_card":"summary_large_image","twitter_misc":{"Tempo estimado de leitura":"5 minutos"},"schema":{"@context":"https:\/\/schema.org","@graph":[{"@type":"WebPage","@id":"https:\/\/yoopies.pt\/c\/regresso-as-aulas-dicas-para-um-retorno-as-escola-sem-covid-19\/","url":"https:\/\/yoopies.pt\/c\/regresso-as-aulas-dicas-para-um-retorno-as-escola-sem-covid-19\/","name":"Dicas para o regresso \u00e0s escola sem Covid-19","isPartOf":{"@id":"https:\/\/yoopies.pt\/c\/#website"},"primaryImageOfPage":{"@id":"https:\/\/yoopies.pt\/c\/regresso-as-aulas-dicas-para-um-retorno-as-escola-sem-covid-19\/#primaryimage"},"image":{"@id":"https:\/\/yoopies.pt\/c\/regresso-as-aulas-dicas-para-um-retorno-as-escola-sem-covid-19\/#primaryimage"},"thumbnailUrl":"https:\/\/yoopies.pt\/c\/wp-content\/uploads\/sites\/15\/2020\/08\/5e94ea59-1561-45bd-b92d-6dfb77fc796f-untitleddesign28829.jpg","datePublished":"2020-08-27T13:56:46+00:00","dateModified":"2025-06-12T08:50:12+00:00","description":"Como ser\u00e1 o regresso \u00e0 escola? Veja as dicas que a Yoopies selecionou para que as crian\u00e7as regressem \u00e0 escola de forma mais segura e respeitem as medidas contra a Covid-19.","breadcrumb":{"@id":"https:\/\/yoopies.pt\/c\/regresso-as-aulas-dicas-para-um-retorno-as-escola-sem-covid-19\/#breadcrumb"},"inLanguage":"pt-PT","potentialAction":[{"@type":"ReadAction","target":["https:\/\/yoopies.pt\/c\/regresso-as-aulas-dicas-para-um-retorno-as-escola-sem-covid-19\/"]}]},{"@type":"ImageObject","inLanguage":"pt-PT","@id":"https:\/\/yoopies.pt\/c\/regresso-as-aulas-dicas-para-um-retorno-as-escola-sem-covid-19\/#primaryimage","url":"https:\/\/yoopies.pt\/c\/wp-content\/uploads\/sites\/15\/2020\/08\/5e94ea59-1561-45bd-b92d-6dfb77fc796f-untitleddesign28829.jpg","contentUrl":"https:\/\/yoopies.pt\/c\/wp-content\/uploads\/sites\/15\/2020\/08\/5e94ea59-1561-45bd-b92d-6dfb77fc796f-untitleddesign28829.jpg","width":1200,"height":675},{"@type":"BreadcrumbList","@id":"https:\/\/yoopies.pt\/c\/regresso-as-aulas-dicas-para-um-retorno-as-escola-sem-covid-19\/#breadcrumb","itemListElement":[{"@type":"ListItem","position":1,"name":"Home","item":"https:\/\/yoopies.pt\/c\/"},{"@type":"ListItem","position":2,"name":"Regresso \u00e0s aulas: dicas para um retorno \u00e0s escola sem Covid-19"}]},{"@type":"WebSite","@id":"https:\/\/yoopies.pt\/c\/#website","url":"https:\/\/yoopies.pt\/c\/","name":"Yoopies Portugal","description":"","potentialAction":[{"@type":"SearchAction","target":{"@type":"EntryPoint","urlTemplate":"https:\/\/yoopies.pt\/c\/?s={search_term_string}"},"query-input":{"@type":"PropertyValueSpecification","valueRequired":true,"valueName":"search_term_string"}}],"inLanguage":"pt-PT"}]}},"_links":{"self":[{"href":"https:\/\/yoopies.pt\/c\/wp-json\/wp\/v2\/pages\/64","targetHints":{"allow":["GET"]}}],"collection":[{"href":"https:\/\/yoopies.pt\/c\/wp-json\/wp\/v2\/pages"}],"about":[{"href":"https:\/\/yoopies.pt\/c\/wp-json\/wp\/v2\/types\/page"}],"author":[{"embeddable":true,"href":"https:\/\/yoopies.pt\/c\/wp-json\/wp\/v2\/users\/10"}],"replies":[{"embeddable":true,"href":"https:\/\/yoopies.pt\/c\/wp-json\/wp\/v2\/comments?post=64"}],"version-history":[{"count":1,"href":"https:\/\/yoopies.pt\/c\/wp-json\/wp\/v2\/pages\/64\/revisions"}],"predecessor-version":[{"id":68,"href":"https:\/\/yoopies.pt\/c\/wp-json\/wp\/v2\/pages\/64\/revisions\/68"}],"wp:featuredmedia":[{"embeddable":true,"href":"https:\/\/yoopies.pt\/c\/wp-json\/wp\/v2\/media\/67"}],"wp:attachment":[{"href":"https:\/\/yoopies.pt\/c\/wp-json\/wp\/v2\/media?parent=64"}],"curies":[{"name":"wp","href":"https:\/\/api.w.org\/{rel}","templated":true}]}}