{"id":52,"date":"2020-09-10T09:42:56","date_gmt":"2020-09-10T09:42:56","guid":{"rendered":"https:\/\/blog.yoopies.pt\/quanto-custa-o-servico-de-babysitting-em-portugal\/"},"modified":"2025-06-12T08:50:12","modified_gmt":"2025-06-12T08:50:12","slug":"quanto-custa-o-servico-de-babysitting-em-portugal","status":"publish","type":"page","link":"https:\/\/yoopies.pt\/c\/quanto-custa-o-servico-de-babysitting-em-portugal\/","title":{"rendered":"Quanto custa o servi\u00e7o de babysitting em Portugal?"},"content":{"rendered":"<p><p>A Yoopies publica o seu relat&oacute;rio anual sobre os custos de babysitting em Portugal e revela o pre&ccedil;o m&eacute;dio cobrado por hora pelas babysitters nos principais distritos portugueses. <\/p>\n<p class=\"block-img\"><img decoding=\"async\" src=\"https:\/\/yoopies.pt\/c\/wp-content\/uploads\/sites\/15\/2020\/09\/ebd641c1-e766-491e-9212-f87ae3252634_PrecCCA7odebabysititngemPortugal-2020.jpg\" alt=\"\"><\/p>\n<\/p>\n<p class=\"highlighted\">\n<p>Para qualquer publica&ccedil;&atilde;o do nosso estudo, por favor inclua o link desta p&aacute;gina. <\/p><\/p>\n","protected":false},"excerpt":{"rendered":"<p>A Yoopies publica o seu relat&oacute;rio anual sobre os custos de babysitting em Portugal e &hellip; <\/p>\n","protected":false},"author":10,"featured_media":54,"parent":0,"menu_order":0,"comment_status":"closed","ping_status":"closed","template":"","meta":{"_acf_changed":false,"footnotes":""},"class_list":["post-52","page","type-page","status-publish","has-post-thumbnail","hentry"],"acf":[],"yoast_head":"<!-- This site is optimized with the Yoast SEO plugin v26.9 - https:\/\/yoast.com\/product\/yoast-seo-wordpress\/ -->\n<title>Quanto custa o servi\u00e7o de babysitting em Portugal?<\/title>\n<meta name=\"description\" content=\"A Yoopies publica o seu relat\u00f3rio anual sobre os custos de babysitting em Portugal e revela o pre\u00e7o m\u00e9dio cobrado pelas babysitters nos distritos portugueses.\" \/>\n<meta name=\"robots\" content=\"index, follow, max-snippet:-1, max-image-preview:large, max-video-preview:-1\" \/>\n<link rel=\"canonical\" href=\"https:\/\/yoopies.pt\/c\/quanto-custa-o-servico-de-babysitting-em-portugal\/\" \/>\n<meta property=\"og:locale\" content=\"pt_PT\" \/>\n<meta property=\"og:type\" content=\"article\" \/>\n<meta property=\"og:title\" content=\"Quanto custa o servi\u00e7o de babysitting em Portugal?\" \/>\n<meta property=\"og:description\" content=\"A Yoopies publica o seu relat\u00f3rio anual sobre os custos de babysitting em Portugal e revela o pre\u00e7o m\u00e9dio cobrado pelas babysitters nos distritos portugueses.\" \/>\n<meta property=\"og:url\" content=\"https:\/\/yoopies.pt\/c\/quanto-custa-o-servico-de-babysitting-em-portugal\/\" \/>\n<meta property=\"og:site_name\" content=\"Yoopies Portugal\" \/>\n<meta property=\"article:modified_time\" content=\"2025-06-12T08:50:12+00:00\" \/>\n<meta property=\"og:image\" content=\"https:\/\/yoopies.pt\/c\/wp-content\/uploads\/sites\/15\/2020\/09\/ebd641c1-e766-491e-9212-f87ae3252634-preccca7odebabysititngemportugal-2020.jpg\" \/>\n\t<meta property=\"og:image:width\" content=\"1200\" \/>\n\t<meta property=\"og:image:height\" content=\"1698\" \/>\n\t<meta property=\"og:image:type\" content=\"image\/jpeg\" \/>\n<meta name=\"twitter:card\" content=\"summary_large_image\" \/>\n<script type=\"application\/ld+json\" class=\"yoast-schema-graph\">{\"@context\":\"https:\/\/schema.org\",\"@graph\":[{\"@type\":\"WebPage\",\"@id\":\"https:\/\/yoopies.pt\/c\/quanto-custa-o-servico-de-babysitting-em-portugal\/\",\"url\":\"https:\/\/yoopies.pt\/c\/quanto-custa-o-servico-de-babysitting-em-portugal\/\",\"name\":\"Quanto custa o servi\u00e7o de babysitting em Portugal?\",\"isPartOf\":{\"@id\":\"https:\/\/yoopies.pt\/c\/#website\"},\"primaryImageOfPage\":{\"@id\":\"https:\/\/yoopies.pt\/c\/quanto-custa-o-servico-de-babysitting-em-portugal\/#primaryimage\"},\"image\":{\"@id\":\"https:\/\/yoopies.pt\/c\/quanto-custa-o-servico-de-babysitting-em-portugal\/#primaryimage\"},\"thumbnailUrl\":\"https:\/\/yoopies.pt\/c\/wp-content\/uploads\/sites\/15\/2020\/09\/ebd641c1-e766-491e-9212-f87ae3252634-preccca7odebabysititngemportugal-2020.jpg\",\"datePublished\":\"2020-09-10T09:42:56+00:00\",\"dateModified\":\"2025-06-12T08:50:12+00:00\",\"description\":\"A Yoopies publica o seu relat\u00f3rio anual sobre os custos de babysitting em Portugal e revela o pre\u00e7o m\u00e9dio cobrado pelas babysitters nos distritos portugueses.\",\"breadcrumb\":{\"@id\":\"https:\/\/yoopies.pt\/c\/quanto-custa-o-servico-de-babysitting-em-portugal\/#breadcrumb\"},\"inLanguage\":\"pt-PT\",\"potentialAction\":[{\"@type\":\"ReadAction\",\"target\":[\"https:\/\/yoopies.pt\/c\/quanto-custa-o-servico-de-babysitting-em-portugal\/\"]}]},{\"@type\":\"ImageObject\",\"inLanguage\":\"pt-PT\",\"@id\":\"https:\/\/yoopies.pt\/c\/quanto-custa-o-servico-de-babysitting-em-portugal\/#primaryimage\",\"url\":\"https:\/\/yoopies.pt\/c\/wp-content\/uploads\/sites\/15\/2020\/09\/ebd641c1-e766-491e-9212-f87ae3252634-preccca7odebabysititngemportugal-2020.jpg\",\"contentUrl\":\"https:\/\/yoopies.pt\/c\/wp-content\/uploads\/sites\/15\/2020\/09\/ebd641c1-e766-491e-9212-f87ae3252634-preccca7odebabysititngemportugal-2020.jpg\",\"width\":1200,\"height\":1698},{\"@type\":\"BreadcrumbList\",\"@id\":\"https:\/\/yoopies.pt\/c\/quanto-custa-o-servico-de-babysitting-em-portugal\/#breadcrumb\",\"itemListElement\":[{\"@type\":\"ListItem\",\"position\":1,\"name\":\"Home\",\"item\":\"https:\/\/yoopies.pt\/c\/\"},{\"@type\":\"ListItem\",\"position\":2,\"name\":\"Quanto custa o servi\u00e7o de babysitting em Portugal?\"}]},{\"@type\":\"WebSite\",\"@id\":\"https:\/\/yoopies.pt\/c\/#website\",\"url\":\"https:\/\/yoopies.pt\/c\/\",\"name\":\"Yoopies Portugal\",\"description\":\"\",\"potentialAction\":[{\"@type\":\"SearchAction\",\"target\":{\"@type\":\"EntryPoint\",\"urlTemplate\":\"https:\/\/yoopies.pt\/c\/?s={search_term_string}\"},\"query-input\":{\"@type\":\"PropertyValueSpecification\",\"valueRequired\":true,\"valueName\":\"search_term_string\"}}],\"inLanguage\":\"pt-PT\"}]}<\/script>\n<!-- \/ Yoast SEO plugin. -->","yoast_head_json":{"title":"Quanto custa o servi\u00e7o de babysitting em Portugal?","description":"A Yoopies publica o seu relat\u00f3rio anual sobre os custos de babysitting em Portugal e revela o pre\u00e7o m\u00e9dio cobrado pelas babysitters nos distritos portugueses.","robots":{"index":"index","follow":"follow","max-snippet":"max-snippet:-1","max-image-preview":"max-image-preview:large","max-video-preview":"max-video-preview:-1"},"canonical":"https:\/\/yoopies.pt\/c\/quanto-custa-o-servico-de-babysitting-em-portugal\/","og_locale":"pt_PT","og_type":"article","og_title":"Quanto custa o servi\u00e7o de babysitting em Portugal?","og_description":"A Yoopies publica o seu relat\u00f3rio anual sobre os custos de babysitting em Portugal e revela o pre\u00e7o m\u00e9dio cobrado pelas babysitters nos distritos portugueses.","og_url":"https:\/\/yoopies.pt\/c\/quanto-custa-o-servico-de-babysitting-em-portugal\/","og_site_name":"Yoopies Portugal","article_modified_time":"2025-06-12T08:50:12+00:00","og_image":[{"width":1200,"height":1698,"url":"https:\/\/yoopies.pt\/c\/wp-content\/uploads\/sites\/15\/2020\/09\/ebd641c1-e766-491e-9212-f87ae3252634-preccca7odebabysititngemportugal-2020.jpg","type":"image\/jpeg"}],"twitter_card":"summary_large_image","schema":{"@context":"https:\/\/schema.org","@graph":[{"@type":"WebPage","@id":"https:\/\/yoopies.pt\/c\/quanto-custa-o-servico-de-babysitting-em-portugal\/","url":"https:\/\/yoopies.pt\/c\/quanto-custa-o-servico-de-babysitting-em-portugal\/","name":"Quanto custa o servi\u00e7o de babysitting em Portugal?","isPartOf":{"@id":"https:\/\/yoopies.pt\/c\/#website"},"primaryImageOfPage":{"@id":"https:\/\/yoopies.pt\/c\/quanto-custa-o-servico-de-babysitting-em-portugal\/#primaryimage"},"image":{"@id":"https:\/\/yoopies.pt\/c\/quanto-custa-o-servico-de-babysitting-em-portugal\/#primaryimage"},"thumbnailUrl":"https:\/\/yoopies.pt\/c\/wp-content\/uploads\/sites\/15\/2020\/09\/ebd641c1-e766-491e-9212-f87ae3252634-preccca7odebabysititngemportugal-2020.jpg","datePublished":"2020-09-10T09:42:56+00:00","dateModified":"2025-06-12T08:50:12+00:00","description":"A Yoopies publica o seu relat\u00f3rio anual sobre os custos de babysitting em Portugal e revela o pre\u00e7o m\u00e9dio cobrado pelas babysitters nos distritos portugueses.","breadcrumb":{"@id":"https:\/\/yoopies.pt\/c\/quanto-custa-o-servico-de-babysitting-em-portugal\/#breadcrumb"},"inLanguage":"pt-PT","potentialAction":[{"@type":"ReadAction","target":["https:\/\/yoopies.pt\/c\/quanto-custa-o-servico-de-babysitting-em-portugal\/"]}]},{"@type":"ImageObject","inLanguage":"pt-PT","@id":"https:\/\/yoopies.pt\/c\/quanto-custa-o-servico-de-babysitting-em-portugal\/#primaryimage","url":"https:\/\/yoopies.pt\/c\/wp-content\/uploads\/sites\/15\/2020\/09\/ebd641c1-e766-491e-9212-f87ae3252634-preccca7odebabysititngemportugal-2020.jpg","contentUrl":"https:\/\/yoopies.pt\/c\/wp-content\/uploads\/sites\/15\/2020\/09\/ebd641c1-e766-491e-9212-f87ae3252634-preccca7odebabysititngemportugal-2020.jpg","width":1200,"height":1698},{"@type":"BreadcrumbList","@id":"https:\/\/yoopies.pt\/c\/quanto-custa-o-servico-de-babysitting-em-portugal\/#breadcrumb","itemListElement":[{"@type":"ListItem","position":1,"name":"Home","item":"https:\/\/yoopies.pt\/c\/"},{"@type":"ListItem","position":2,"name":"Quanto custa o servi\u00e7o de babysitting em Portugal?"}]},{"@type":"WebSite","@id":"https:\/\/yoopies.pt\/c\/#website","url":"https:\/\/yoopies.pt\/c\/","name":"Yoopies Portugal","description":"","potentialAction":[{"@type":"SearchAction","target":{"@type":"EntryPoint","urlTemplate":"https:\/\/yoopies.pt\/c\/?s={search_term_string}"},"query-input":{"@type":"PropertyValueSpecification","valueRequired":true,"valueName":"search_term_string"}}],"inLanguage":"pt-PT"}]}},"_links":{"self":[{"href":"https:\/\/yoopies.pt\/c\/wp-json\/wp\/v2\/pages\/52","targetHints":{"allow":["GET"]}}],"collection":[{"href":"https:\/\/yoopies.pt\/c\/wp-json\/wp\/v2\/pages"}],"about":[{"href":"https:\/\/yoopies.pt\/c\/wp-json\/wp\/v2\/types\/page"}],"author":[{"embeddable":true,"href":"https:\/\/yoopies.pt\/c\/wp-json\/wp\/v2\/users\/10"}],"replies":[{"embeddable":true,"href":"https:\/\/yoopies.pt\/c\/wp-json\/wp\/v2\/comments?post=52"}],"version-history":[{"count":1,"href":"https:\/\/yoopies.pt\/c\/wp-json\/wp\/v2\/pages\/52\/revisions"}],"predecessor-version":[{"id":55,"href":"https:\/\/yoopies.pt\/c\/wp-json\/wp\/v2\/pages\/52\/revisions\/55"}],"wp:featuredmedia":[{"embeddable":true,"href":"https:\/\/yoopies.pt\/c\/wp-json\/wp\/v2\/media\/54"}],"wp:attachment":[{"href":"https:\/\/yoopies.pt\/c\/wp-json\/wp\/v2\/media?parent=52"}],"curies":[{"name":"wp","href":"https:\/\/api.w.org\/{rel}","templated":true}]}}