{"id":42,"date":"2020-11-11T11:18:01","date_gmt":"2020-11-11T11:18:01","guid":{"rendered":"https:\/\/blog.yoopies.pt\/a-fase-de-desconfinamento-das-familias-com-criancas\/"},"modified":"2025-06-12T08:50:11","modified_gmt":"2025-06-12T08:50:11","slug":"a-fase-de-desconfinamento-das-familias-com-criancas","status":"publish","type":"page","link":"https:\/\/yoopies.pt\/c\/a-fase-de-desconfinamento-das-familias-com-criancas\/","title":{"rendered":"COVID-19: a fase de desconfinamento das fam\u00edlias com crian\u00e7as"},"content":{"rendered":"<p class=\"highlighted\">\n<p>O dilema do regresso ao trabalho com as creches e escolas fechadas<\/p>\n<\/p>\n<p><p><em>A fase de desconfinamento da crise do coronav&iacute;rus traz novos desafios para as fam&iacute;lias portuguesas que t&ecirc;m crian&ccedil;as. Em breve, muitos pais que deixar&atilde;o o regime de teletrablho&nbsp; &#8211; mesmo a tempo parcial &#8211; ter&atilde;o de pensar em alternativas vi&aacute;veis para o per&iacute;odo em que n&atilde;o podem ficar em casa a cuidar dos filhos, uma vez que as escolas e creches permanecer&atilde;o fechadas (pelo menos) at&eacute; ao dia 1 de Junho e o regresso dos alunos &agrave;s aulas presenciais ser&aacute; diferenciado de acordo com os ciclos. Face a isto, a <a href=\"https:\/\/yoopies.pt\/\">Yoopies<\/a> &#8211; uma plataforma internacional que facilita o contacto entre a oferta e a procura de babysitting e servi&ccedil;os dom&eacute;sticos &#8211; perguntou como &eacute; que a sua comunidade familiar est&aacute; a lidar com a situa&ccedil;&atilde;o actual.&nbsp;<\/em><\/p>\n<\/p>\n<p><p><strong>Ap&oacute;s 1 de Junho, metade dos pais devem retomar a actividade profissional fora de casa ou em regime de teletrabalho parcial&nbsp;<\/strong><\/p>\n<\/p>\n<p><p><em>De acordo com os dados do estudo realizado pela Yoopies, durante o per&iacute;odo total de confinamento, em cerca de 89% dos lares analisados, pelo menos um dos dois pais p&ocirc;de ficar em teletrabalho, podendo assim tomar conta das crian&ccedil;as. S&oacute; em 11% dos casos &eacute; que ambos os pais continuaram a trabalhar fora de casa como trabalhadores dos sectores-chave. Ao observar o horizonte temporal ap&oacute;s o confinamento, a partir de 1 de Junho &#8211; quando o teletrabalho se torna parcial, com hor&aacute;rios defasados ou equipas espelhadas &#8211; vemos como as fam&iacute;lias inquiridas est&atilde;o divididas em dois grupos:&nbsp;<\/em><\/p>\n<\/p>\n<ul>\n<li><em>56% em que ambos os pais ter&atilde;o de voltar ao trabalho (mesmo que em regime de teletrabalho parcial);<\/em><\/li>\n<li><em>44% em que um dos dois pais poder&aacute; ficar em casa com as crian&ccedil;as, a continuar a trabalhar num regime de teletrabalho total ou sem trabalho devido &agrave; suspens&atilde;o das actividades.&nbsp;<\/em><\/li>\n<\/ul>\n<p><p><strong>Sem creches e escolas, fam&iacute;lias n&atilde;o t&ecirc;m plano B<\/strong><\/p>\n<\/p>\n<p><p><em>Para os pais que ter&atilde;o de regressar ao trabalho fora de casa e ter&atilde;o, portanto, de pensar em alternativas para conciliar a carga de trabalho de ambos, surgem as seguintes solu&ccedil;&otilde;es para a gest&atilde;o e os cuidados infantis:<\/em><\/p>\n<\/p>\n<ul>\n<li><em><strong>43%<\/strong> pensam em obter a ajuda de uma babysitter&nbsp;<\/em><\/li>\n<li><em><strong>39%<\/strong> pensam em recorrer a ajuda de amigos ou familiares&nbsp;<\/em><\/li>\n<li><em><strong>18% <\/strong>dos pais afirmam que ainda n&atilde;o encontraram uma solu&ccedil;&atilde;o e que est&atilde;o a pensar na possibilidade de suspender o trabalho ou na alternativa extrema de pedir uma licen&ccedil;a n&atilde;o remunerada&nbsp;<\/em><\/li>\n<\/ul>\n<p><p><em>&#8220;Sendo incapaz de cuidar de crian&ccedil;as o tempo todo e sendo uma m&atilde;e solteira, n&atilde;o sei como me organizar&#8221;.&nbsp;<\/em><\/p>\n<p><em>&#8220;A &uacute;nica possibilidade &eacute; eu, m&atilde;e, negociar com a minha empresa um per&iacute;odo de licen&ccedil;a por tempo indeterminado&#8221;. &#8220;N&atilde;o sabemos mesmo a quem deixar as crian&ccedil;as, isso &eacute; um problema&#8221;.<\/em><\/p>\n<\/p>\n<p><p><strong>E a carga mental dos pais que continuam a trabalhar de casa?&nbsp;<\/strong><\/p>\n<\/p>\n<p><p>Os pais que continuam em casa com os seus filhos t&ecirc;m grandes problemas em conciliar a vida profissional com os cuidados infantis. Embora 45% dos pais revelam que s&atilde;o organizados e est&atilde;o a lidar bem com a situa&ccedil;&atilde;o, 55% mostram que est&atilde;o a passar por dificuldades consider&aacute;veis, como as descritas a seguir:<\/p>\n<\/p>\n<p><p>&#8220;Requerem muita aten&ccedil;&atilde;o, temos de preparar as refei&ccedil;&otilde;es, mudar as fraldas, vigiar para que n&atilde;o se magoam, entret&ecirc;-los&#8230;&#8221;.<\/p>\n<\/p>\n<p>&#8220;Por vezes temos reuni&otilde;es ou telefonemas ao mesmo tempo, s&oacute; que temos uma menina de 10 anos que precisamos de ajudar com os trabalhos de casa e uma menina de 2 anos que temos sempre de vigiar&#8221;.&nbsp;<\/p>\n<\/p>\n<p>&#8220;Temos dois filhos pequenos que requerem a nossa aten&ccedil;&atilde;o durante todo o dia. Revezamo-nos, mas nos turnos em que n&atilde;o temos as crian&ccedil;as, al&eacute;m de trabalhar, temos de cuidar de coisas da casa&#8221;.<\/p>\n<\/p>\n<p>&#8220;Ambos trabalhamos na mesma intensidade e ao mesmo tempo (8 horas) e, al&eacute;m disso, temos de estar com as crian&ccedil;as para ter aulas e pensar em actividades para que elas n&atilde;o fiquem tristes, aborrecidas, deprimidas&hellip;&#8221;.<\/p>\n<\/p>\n<p><p>Por este motivo, destacam-se 49% das fam&iacute;lias com crian&ccedil;as em idade escolar que gostariam de ter a ajuda de um tutor ou de um professor particular, tanto em termos de trabalhos de casa como de apoio escolar. Quando perguntadas se as crian&ccedil;as est&atilde;o a receber as informa&ccedil;&otilde;es e as aulas de que necessitam, 59% consideram que por vezes existem certas dificuldades (conte&uacute;do desequilibrado, problemas de liga&ccedil;&atilde;o&#8230;), 13% revelam que o centro educativo tem s&eacute;rios problemas de organiza&ccedil;&atilde;o e 28% acreditam que tudo est&aacute; a correr sem dificuldades.&nbsp;<\/p>\n<\/p>\n<p><p>\ud83d\udc49 C<strong><a href=\"https:\/\/yoopies.pt\/c\/covid-19-a-fase-de-desconfinamento-das-familias-com-criancas\">lique aqui <\/a>e aceda ao infogr&aacute;fico com os resultados completos do inqu&eacute;rito realizado pela Yoopies.&nbsp;<\/strong><\/p>\n<\/p>\n<figure><img decoding=\"async\" src=\"https:\/\/yoopies.pt\/c\/wp-content\/uploads\/sites\/15\/2020\/11\/eece4991-a569-4a2c-89a3-ef559f982dc2-capturadetela2020-11-11acc80s08-15-22.jpg\" \/><\/figure>\n<p class=\"highlighted\">\n<p>Sobre a Yoopies: Criada em 2012 por Benjamin Suchar e Jessica Cymerman, a Yoopies rapidamente tornou-se a principal plataforma de acolhimento infantil da Europa. Sediada em Paris e presente em 19 pa&iacute;ses, a start-up expandiu suas atividades de modo a incluir os servi&ccedil;os de limpeza, apoio domiciliar a idosos e pessoas dependentes, pet sitting e apoio escolar. Com base na recomenda&ccedil;&atilde;o social de mais de 3 milh&otilde;es de membros, a Yoopies permite que os seus usu&aacute;rios escolham o seu funcion&aacute;rio com total confian&ccedil;a. A Yoopies tamb&eacute;m disponibiliza uma oferta corporativa, a YoopiesAtWork, que permite &agrave;s empresas oferecer uma ajuda concreta diante dos desafios dom&eacute;sticos enfrentados diariamente e assim, melhorar o equil&iacute;brio entre a vida profissional e pessoal dos seus colaboradores.<\/p><\/p>\n","protected":false},"excerpt":{"rendered":"<p>O dilema do regresso ao trabalho com as creches e escolas fechadas A fase de &hellip; <\/p>\n","protected":false},"author":10,"featured_media":0,"parent":0,"menu_order":0,"comment_status":"closed","ping_status":"closed","template":"","meta":{"_acf_changed":false,"footnotes":""},"class_list":["post-42","page","type-page","status-publish","hentry"],"acf":[],"yoast_head":"<!-- This site is optimized with the Yoast SEO plugin v26.9 - https:\/\/yoast.com\/product\/yoast-seo-wordpress\/ -->\n<title>A fase de desconfinamento das fam\u00edlias com crian\u00e7as<\/title>\n<meta name=\"description\" content=\"A fase de desconfinamento da crise do coronav\u00edrus traz novos desafios para as fam\u00edlias portuguesas que t\u00eam crian\u00e7as\" \/>\n<meta name=\"robots\" content=\"index, follow, max-snippet:-1, max-image-preview:large, max-video-preview:-1\" \/>\n<link rel=\"canonical\" href=\"https:\/\/yoopies.pt\/c\/a-fase-de-desconfinamento-das-familias-com-criancas\/\" \/>\n<meta property=\"og:locale\" content=\"pt_PT\" \/>\n<meta property=\"og:type\" content=\"article\" \/>\n<meta property=\"og:title\" content=\"A fase de desconfinamento das fam\u00edlias com crian\u00e7as\" \/>\n<meta property=\"og:description\" content=\"A fase de desconfinamento da crise do coronav\u00edrus traz novos desafios para as fam\u00edlias portuguesas que t\u00eam crian\u00e7as\" \/>\n<meta property=\"og:url\" content=\"https:\/\/yoopies.pt\/c\/a-fase-de-desconfinamento-das-familias-com-criancas\/\" \/>\n<meta property=\"og:site_name\" content=\"Yoopies Portugal\" \/>\n<meta property=\"article:modified_time\" content=\"2025-06-12T08:50:11+00:00\" \/>\n<meta property=\"og:image\" content=\"https:\/\/yoopies.pt\/c\/wp-content\/uploads\/sites\/15\/2020\/11\/eece4991-a569-4a2c-89a3-ef559f982dc2-capturadetela2020-11-11acc80s08-15-22.jpg\" \/>\n<meta name=\"twitter:card\" content=\"summary_large_image\" \/>\n<meta name=\"twitter:label1\" content=\"Tempo estimado de leitura\" \/>\n\t<meta name=\"twitter:data1\" content=\"5 minutos\" \/>\n<script type=\"application\/ld+json\" class=\"yoast-schema-graph\">{\"@context\":\"https:\/\/schema.org\",\"@graph\":[{\"@type\":\"WebPage\",\"@id\":\"https:\/\/yoopies.pt\/c\/a-fase-de-desconfinamento-das-familias-com-criancas\/\",\"url\":\"https:\/\/yoopies.pt\/c\/a-fase-de-desconfinamento-das-familias-com-criancas\/\",\"name\":\"A fase de desconfinamento das fam\u00edlias com crian\u00e7as\",\"isPartOf\":{\"@id\":\"https:\/\/yoopies.pt\/c\/#website\"},\"primaryImageOfPage\":{\"@id\":\"https:\/\/yoopies.pt\/c\/a-fase-de-desconfinamento-das-familias-com-criancas\/#primaryimage\"},\"image\":{\"@id\":\"https:\/\/yoopies.pt\/c\/a-fase-de-desconfinamento-das-familias-com-criancas\/#primaryimage\"},\"thumbnailUrl\":\"https:\/\/yoopies.pt\/c\/wp-content\/uploads\/sites\/15\/2020\/11\/eece4991-a569-4a2c-89a3-ef559f982dc2-capturadetela2020-11-11acc80s08-15-22.jpg\",\"datePublished\":\"2020-11-11T11:18:01+00:00\",\"dateModified\":\"2025-06-12T08:50:11+00:00\",\"description\":\"A fase de desconfinamento da crise do coronav\u00edrus traz novos desafios para as fam\u00edlias portuguesas que t\u00eam crian\u00e7as\",\"breadcrumb\":{\"@id\":\"https:\/\/yoopies.pt\/c\/a-fase-de-desconfinamento-das-familias-com-criancas\/#breadcrumb\"},\"inLanguage\":\"pt-PT\",\"potentialAction\":[{\"@type\":\"ReadAction\",\"target\":[\"https:\/\/yoopies.pt\/c\/a-fase-de-desconfinamento-das-familias-com-criancas\/\"]}]},{\"@type\":\"ImageObject\",\"inLanguage\":\"pt-PT\",\"@id\":\"https:\/\/yoopies.pt\/c\/a-fase-de-desconfinamento-das-familias-com-criancas\/#primaryimage\",\"url\":\"https:\/\/yoopies.pt\/c\/wp-content\/uploads\/sites\/15\/2020\/11\/eece4991-a569-4a2c-89a3-ef559f982dc2-capturadetela2020-11-11acc80s08-15-22.jpg\",\"contentUrl\":\"https:\/\/yoopies.pt\/c\/wp-content\/uploads\/sites\/15\/2020\/11\/eece4991-a569-4a2c-89a3-ef559f982dc2-capturadetela2020-11-11acc80s08-15-22.jpg\",\"width\":1200,\"height\":600},{\"@type\":\"BreadcrumbList\",\"@id\":\"https:\/\/yoopies.pt\/c\/a-fase-de-desconfinamento-das-familias-com-criancas\/#breadcrumb\",\"itemListElement\":[{\"@type\":\"ListItem\",\"position\":1,\"name\":\"Home\",\"item\":\"https:\/\/yoopies.pt\/c\/\"},{\"@type\":\"ListItem\",\"position\":2,\"name\":\"COVID-19: a fase de desconfinamento das fam\u00edlias com crian\u00e7as\"}]},{\"@type\":\"WebSite\",\"@id\":\"https:\/\/yoopies.pt\/c\/#website\",\"url\":\"https:\/\/yoopies.pt\/c\/\",\"name\":\"Yoopies Portugal\",\"description\":\"\",\"potentialAction\":[{\"@type\":\"SearchAction\",\"target\":{\"@type\":\"EntryPoint\",\"urlTemplate\":\"https:\/\/yoopies.pt\/c\/?s={search_term_string}\"},\"query-input\":{\"@type\":\"PropertyValueSpecification\",\"valueRequired\":true,\"valueName\":\"search_term_string\"}}],\"inLanguage\":\"pt-PT\"}]}<\/script>\n<!-- \/ Yoast SEO plugin. -->","yoast_head_json":{"title":"A fase de desconfinamento das fam\u00edlias com crian\u00e7as","description":"A fase de desconfinamento da crise do coronav\u00edrus traz novos desafios para as fam\u00edlias portuguesas que t\u00eam crian\u00e7as","robots":{"index":"index","follow":"follow","max-snippet":"max-snippet:-1","max-image-preview":"max-image-preview:large","max-video-preview":"max-video-preview:-1"},"canonical":"https:\/\/yoopies.pt\/c\/a-fase-de-desconfinamento-das-familias-com-criancas\/","og_locale":"pt_PT","og_type":"article","og_title":"A fase de desconfinamento das fam\u00edlias com crian\u00e7as","og_description":"A fase de desconfinamento da crise do coronav\u00edrus traz novos desafios para as fam\u00edlias portuguesas que t\u00eam crian\u00e7as","og_url":"https:\/\/yoopies.pt\/c\/a-fase-de-desconfinamento-das-familias-com-criancas\/","og_site_name":"Yoopies Portugal","article_modified_time":"2025-06-12T08:50:11+00:00","og_image":[{"url":"https:\/\/yoopies.pt\/c\/wp-content\/uploads\/sites\/15\/2020\/11\/eece4991-a569-4a2c-89a3-ef559f982dc2-capturadetela2020-11-11acc80s08-15-22.jpg","type":"","width":"","height":""}],"twitter_card":"summary_large_image","twitter_misc":{"Tempo estimado de leitura":"5 minutos"},"schema":{"@context":"https:\/\/schema.org","@graph":[{"@type":"WebPage","@id":"https:\/\/yoopies.pt\/c\/a-fase-de-desconfinamento-das-familias-com-criancas\/","url":"https:\/\/yoopies.pt\/c\/a-fase-de-desconfinamento-das-familias-com-criancas\/","name":"A fase de desconfinamento das fam\u00edlias com crian\u00e7as","isPartOf":{"@id":"https:\/\/yoopies.pt\/c\/#website"},"primaryImageOfPage":{"@id":"https:\/\/yoopies.pt\/c\/a-fase-de-desconfinamento-das-familias-com-criancas\/#primaryimage"},"image":{"@id":"https:\/\/yoopies.pt\/c\/a-fase-de-desconfinamento-das-familias-com-criancas\/#primaryimage"},"thumbnailUrl":"https:\/\/yoopies.pt\/c\/wp-content\/uploads\/sites\/15\/2020\/11\/eece4991-a569-4a2c-89a3-ef559f982dc2-capturadetela2020-11-11acc80s08-15-22.jpg","datePublished":"2020-11-11T11:18:01+00:00","dateModified":"2025-06-12T08:50:11+00:00","description":"A fase de desconfinamento da crise do coronav\u00edrus traz novos desafios para as fam\u00edlias portuguesas que t\u00eam crian\u00e7as","breadcrumb":{"@id":"https:\/\/yoopies.pt\/c\/a-fase-de-desconfinamento-das-familias-com-criancas\/#breadcrumb"},"inLanguage":"pt-PT","potentialAction":[{"@type":"ReadAction","target":["https:\/\/yoopies.pt\/c\/a-fase-de-desconfinamento-das-familias-com-criancas\/"]}]},{"@type":"ImageObject","inLanguage":"pt-PT","@id":"https:\/\/yoopies.pt\/c\/a-fase-de-desconfinamento-das-familias-com-criancas\/#primaryimage","url":"https:\/\/yoopies.pt\/c\/wp-content\/uploads\/sites\/15\/2020\/11\/eece4991-a569-4a2c-89a3-ef559f982dc2-capturadetela2020-11-11acc80s08-15-22.jpg","contentUrl":"https:\/\/yoopies.pt\/c\/wp-content\/uploads\/sites\/15\/2020\/11\/eece4991-a569-4a2c-89a3-ef559f982dc2-capturadetela2020-11-11acc80s08-15-22.jpg","width":1200,"height":600},{"@type":"BreadcrumbList","@id":"https:\/\/yoopies.pt\/c\/a-fase-de-desconfinamento-das-familias-com-criancas\/#breadcrumb","itemListElement":[{"@type":"ListItem","position":1,"name":"Home","item":"https:\/\/yoopies.pt\/c\/"},{"@type":"ListItem","position":2,"name":"COVID-19: a fase de desconfinamento das fam\u00edlias com crian\u00e7as"}]},{"@type":"WebSite","@id":"https:\/\/yoopies.pt\/c\/#website","url":"https:\/\/yoopies.pt\/c\/","name":"Yoopies Portugal","description":"","potentialAction":[{"@type":"SearchAction","target":{"@type":"EntryPoint","urlTemplate":"https:\/\/yoopies.pt\/c\/?s={search_term_string}"},"query-input":{"@type":"PropertyValueSpecification","valueRequired":true,"valueName":"search_term_string"}}],"inLanguage":"pt-PT"}]}},"_links":{"self":[{"href":"https:\/\/yoopies.pt\/c\/wp-json\/wp\/v2\/pages\/42","targetHints":{"allow":["GET"]}}],"collection":[{"href":"https:\/\/yoopies.pt\/c\/wp-json\/wp\/v2\/pages"}],"about":[{"href":"https:\/\/yoopies.pt\/c\/wp-json\/wp\/v2\/types\/page"}],"author":[{"embeddable":true,"href":"https:\/\/yoopies.pt\/c\/wp-json\/wp\/v2\/users\/10"}],"replies":[{"embeddable":true,"href":"https:\/\/yoopies.pt\/c\/wp-json\/wp\/v2\/comments?post=42"}],"version-history":[{"count":1,"href":"https:\/\/yoopies.pt\/c\/wp-json\/wp\/v2\/pages\/42\/revisions"}],"predecessor-version":[{"id":44,"href":"https:\/\/yoopies.pt\/c\/wp-json\/wp\/v2\/pages\/42\/revisions\/44"}],"wp:attachment":[{"href":"https:\/\/yoopies.pt\/c\/wp-json\/wp\/v2\/media?parent=42"}],"curies":[{"name":"wp","href":"https:\/\/api.w.org\/{rel}","templated":true}]}}