{"id":273,"date":"2019-07-11T14:09:32","date_gmt":"2019-07-11T14:09:32","guid":{"rendered":"https:\/\/blog.yoopies.pt\/como-encontrar-um-explicador\/"},"modified":"2025-06-12T08:50:11","modified_gmt":"2025-06-12T08:50:11","slug":"como-encontrar-um-explicador","status":"publish","type":"page","link":"https:\/\/yoopies.pt\/c\/como-encontrar-um-explicador\/","title":{"rendered":"Como encontrar o explicador ideal para si?"},"content":{"rendered":"<p><a class=\"button\" href=\"https:\/\/yoopies.pt\/babysitting\">Clique aqui <\/a><\/p>\n<p class=\"highlighted\">\n<p><strong>O Yoopies tem a resposta!<\/strong><\/p>\n<\/p>\n<p><p>Independentemente do assunto para o qual voc&ecirc; est&aacute; &agrave; procura de assist&ecirc;ncia adicional, aqui no <a href=\"https:\/\/yoopies.pt\">Yoopies <\/a>garantimos que encontra o explicador ideal para si. Na nossa plataforma pode encontrar algu&eacute;m que tenha o conhecimento e qualifica&ccedil;&otilde;es necess&aacute;rias  para o ajudar.<\/p>\n<p>Se voc&ecirc; &eacute; um pai\/m&atilde;e que est&aacute; &agrave; procura de do tutor ideal para o seu filho, &eacute; normal que voc&ecirc; esteja &agrave; procura de algu&eacute;m que inspira confian&ccedil;a e que seja expert no assunto. <strong>&Eacute; tamb&eacute;m essencial que o seu filho se sinta confort&aacute;vel com o explicador em causa, <\/strong>e que o apoie bem na sua aprendizagem. Pode ser dif&iacute;cil encontrar um tutor que atenda &agrave;s a todas as suas necessidades ao mesmo tempo e por isso &eacute; importante que voc&ecirc; reveja as suas habilidades, experi&ecirc;ncias, disponibilidades e compromisso. <\/p>\n<\/p>\n<p class=\"highlighted\">\n<p>Para ajud&aacute;-lo a encontrar o tutor certo para si, n&oacute;s criamos uma lista de dicas que voc&ecirc; dever&aacute; ter em mente antes de iniciar a sua pesquisa!<\/p>\n<\/p>\n<figure><img decoding=\"async\" src=\"https:\/\/yoopies.pt\/c\/wp-content\/uploads\/sites\/15\/2019\/07\/314970c89d77bb5c58e9c30eabc7b0eecd32152b-lonely-planet-643024-unsplash.jpg\" \/><\/figure>\n<p><p>Para escolher o tutor certo, &eacute; importante identificar os seus objectivos. <strong>Voc&ecirc; dever&aacute; come&ccedil;ar por considerar as seguintes quest&otilde;es: <\/strong><\/p>\n<p>De que apoio precisa? No que &eacute; que o seu filho\/a precisa de ajuda? Precisa de apoio nos trabalho de casa ou uma mat&eacute;ria espec&iacute;fica de uma disciplina Como &eacute; que o seu filho\/a aprende melhor? Obt&eacute;m melhor informa&ccedil;&atilde;o atrav&eacute;s da leitura, audi&ccedil;&atilde;o, toque ou movimento? Prefere um professor homem ou mulher? Qual &eacute; o seu or&ccedil;amento para as explica&ccedil;&otilde;es ? Quanto tempo deseja dedicar a isto? &Eacute; importante ser honesto consigo mesmo e estabelecer expectativas realistas. <\/p>\n<p><strong>Organize um encontro com o professor<\/strong> da escola do seu filho e partilhe as suas preocupa&ccedil;&otilde;es. S&atilde;o eles que acompanham o progresso do seu filho ao longo do seu tempo, tanto como os seus resultados nos exames e quaisquer notas sobre poss&iacute;veis problemas de comportamento ou dificuldades de aprendizagem. <\/p>\n<p><strong>Depois, aceda &agrave; nossa plataforma e reveja as nossas recomenda&ccedil;&otilde;es e perfil verificados.<\/strong> Para melhorar o seu perfil, pe&ccedil;a recomenda&ccedil;&otilde;es aos seus amigos e vizinhos!<\/p>\n<\/p>\n<figure><img decoding=\"async\" src=\"https:\/\/yoopies.pt\/c\/wp-content\/uploads\/sites\/15\/2019\/07\/b9806c995b06066c484a019149880b5ea1f46ec1-1.jpg\" \/><\/figure>\n<p class=\"highlighted\">\n<p><strong>Qual o pre&ccedil;o do servi&ccedil;o?<\/strong><\/p>\n<\/p>\n<p><p>Muitas vezes, os pre&ccedil;os das explica&ccedil;&otilde;es s&atilde;o super elevados. No Yoopies n&oacute;s sugerimos que voc&ecirc; negocie o valor! Mas, tenha em conta que um explicador com pre&ccedil;os mais altos pode ser uma combina&ccedil;&atilde;o de fatores significativamente melhores para as necessidades individuais de seu filho. Estes podem ser muito mais eficazes em ajudar o seu filho a alcan&ccedil;ar os seus objetivos. <\/p>\n<p><strong>Al&eacute;m do pre&ccedil;o em si, voc&ecirc; deve ainda considerar o seguinte: <\/strong>Qual &eacute; o pre&ccedil;o do Yoopies? Voc&ecirc; negoceia com a pessoa em causa! <\/p>\n<p>Ao escolher um explicador na nossa plataforma &eacute; importante perceber como &eacute; que essa pessoa quer ser paga. Alguns pessoas s&oacute; aceitam dinheiro depois de cada sess&atilde;o, enquanto outros podem exigir que voc&ecirc; pague um m&ecirc;s de anteced&ecirc;ncia ou simplesmente cobrar-lhe tudo no final do m&ecirc;s. Quais s&atilde;o as pol&iacute;ticas de cancelamento do servi&ccedil;o? Tipicamente, os tutores s&atilde;o flex&iacute;veis. No entanto, &eacute; importante ter esse conhecimento antes de acordar com o servi&ccedil;o, a fim de evitar encargos adicionais. <\/p>\n<\/p>\n<p class=\"highlighted\">\n<p><strong>Entreviste os seus tutores<\/strong><\/p>\n<\/p>\n<p><p><strong>Recomendamos que voc&ecirc; entreviste o explicador para ter a certeza que as suas habilidades correspondam aos requisitos do seu filho.<\/strong><\/p>\n<p>&#8211; Quais s&atilde;o as suas qualifica&ccedil;&otilde;es? Por exemplo, se o tutor ir&aacute; ensinar Ingl&ecirc;s ele dever&aacute; ter um certo n&iacute;vel para o ensinar.<\/p>\n<p>&#8211; Qual &eacute; a sua experi&ecirc;ncia no ensino? Idealmente, o tutor dever&aacute; ter experi&ecirc;ncia em ensinar crian&ccedil;as de idade semelhante &agrave; do seu filho.<\/p>\n<p>&#8211; Como avalia as necessidades do seu filho? Falar com o seu filho e conhecer as suas qualidades e defeitos &eacute; essencial.<\/p>\n<p>&#8211; Quanto tempo demora a prepara&ccedil;&atilde;o a aula? Deve esperar que o tempo de prepara&ccedil;&atilde;o seja maior para disciplinas mais desafiantes. <\/p>\n<p>&#8211; Como &eacute; que o tutor motiva os seus alunos? Aqui &eacute; importante considerar o que &eacute; que inspira o seu filho e certificar-se de que a abordagem do tutor vai ao seu encontro. <\/p>\n<p>&#8211; Qual &eacute; a sua disponibilidade? &nbsp;&Eacute; essencial que o tutor se enquadre na sua agenda.<\/p>\n<p>&#8211; Onde ser&aacute; dada a explica&ccedil;&atilde;o? Os tutores podem optar por realizar sess&otilde;es de estudos em uma biblioteca, na sua casa, ou na casa da pessoa.<\/p>\n<p>&#8211; Quanto tempo vai demorar a aula? Uma vez que voc&ecirc; tenha encontrado um tutor, &eacute; f&aacute;cil tornar-se dependente dele, ent&atilde;o &eacute; aconselh&aacute;vel que voc&ecirc; pergunte ao tutor quanto tempo ele espera que ele leve para que seu filho possa trabalhar de forma independente. <\/p>\n<p>&#8211; Quanto &eacute; que cobra? Os custos associados &agrave;s explica&ccedil;&otilde;es variam bastante e dependem da &aacute;rea, mat&eacute;rias, localiza&ccedil;&atilde;o e sabedoria do tutor. <\/p>\n<p>&#8211; Que resultados &eacute; que ele gerou? Qual &eacute; a taxa de sucesso do tutor.<\/p>\n<p>&#8211; Tem alguma refer&ecirc;ncia? Escusado ser&aacute; dizer que &eacute; essencial para uma pessoa que ir&aacute; trabalhar com o seu filho ter uma refer&ecirc;ncia a quem voc&ecirc; possa contactar.<\/p>\n<\/p>\n<p><p><strong>Se voc&ecirc; escolher o seu tutor atrav&eacute;s da nossa plataforma Yoopies, voc&ecirc; ir&aacute; encontrar a maior parte desta informa&ccedil;&atilde;o j&aacute; na p&aacute;gina de perfil do tutor.<\/strong><\/p>\n<\/p>\n<p class=\"highlighted\">\n<p><strong>Analise o progresso do seu filho<\/strong><\/p>\n<\/p>\n<p><p>Depois de ter encontrado o tutor certo para si e para o seu filho, recomendamos que se sente em algumas aulas e observe como &eacute; que o seu filho reage ao tutor. Estar&aacute; ele confort&aacute;vel? <\/p>\n<p>&Eacute; importante estar a par do progresso do seu filho. Pergunte ao seu filho como &eacute; que ele se sente e verifique se as suas notas ou conhecimentos sobre o assunto melhoram. Se sentir que n&atilde;o est&aacute; a resultar,<strong> deve procurar outro tutor. &nbsp;<\/strong><\/p>\n<p>No <a href=\"https:\/\/yoopies.pt\">Yoopies <\/a>compreendemos como &eacute; importante encontrar o tutor certo para si: <strong>um tutor que corresponda perfeitamente &agrave;s necessidades e ao estilo de aprendizagem do seu filho<\/strong>. &Eacute; por isso que temos a nossa ferramenta para o ajudar a filtrar as suas pesquisas. <\/p>\n<\/p>\n<p class=\"highlighted\">\n<p>Por favor visite a nossa p&aacute;gina de <strong>Aulas particulares<\/strong> e comece a sua pesquisa ainda hoje!<\/p>\n<\/p>\n<p><a class=\"button\" href=\"https:\/\/yoopies.pt\/explicador\">Saiba mais sobre o Yoopies<\/a><\/p>\n","protected":false},"excerpt":{"rendered":"<p>Clique aqui O Yoopies tem a resposta! Independentemente do assunto para o qual voc&ecirc; est&aacute; &hellip; <\/p>\n","protected":false},"author":10,"featured_media":0,"parent":0,"menu_order":0,"comment_status":"closed","ping_status":"closed","template":"","meta":{"_acf_changed":false,"footnotes":""},"class_list":["post-273","page","type-page","status-publish","hentry"],"acf":[],"yoast_head":"<!-- This site is optimized with the Yoast SEO plugin v26.9 - https:\/\/yoast.com\/product\/yoast-seo-wordpress\/ -->\n<title>Como encontrar o explicador ideal para si?<\/title>\n<meta name=\"description\" content=\"Est\u00e1 com dificuldades em algumas mat\u00e9rias e n\u00e3o consegue encontrar um explicador que se adeque \u00e0s suas necessidades? O Yoopies tem a solu\u00e7\u00e3o ideal para si!\" \/>\n<meta name=\"robots\" content=\"index, follow, max-snippet:-1, max-image-preview:large, max-video-preview:-1\" \/>\n<link rel=\"canonical\" href=\"https:\/\/yoopies.pt\/c\/como-encontrar-um-explicador\/\" \/>\n<meta property=\"og:locale\" content=\"pt_PT\" \/>\n<meta property=\"og:type\" content=\"article\" \/>\n<meta property=\"og:title\" content=\"Como encontrar o explicador ideal para si?\" \/>\n<meta property=\"og:description\" content=\"Est\u00e1 com dificuldades em algumas mat\u00e9rias e n\u00e3o consegue encontrar um explicador que se adeque \u00e0s suas necessidades? O Yoopies tem a solu\u00e7\u00e3o ideal para si!\" \/>\n<meta property=\"og:url\" content=\"https:\/\/yoopies.pt\/c\/como-encontrar-um-explicador\/\" \/>\n<meta property=\"og:site_name\" content=\"Yoopies Portugal\" \/>\n<meta property=\"article:modified_time\" content=\"2025-06-12T08:50:11+00:00\" \/>\n<meta property=\"og:image\" content=\"https:\/\/yoopies.pt\/c\/wp-content\/uploads\/sites\/15\/2019\/07\/314970c89d77bb5c58e9c30eabc7b0eecd32152b-lonely-planet-643024-unsplash.jpg\" \/>\n<meta name=\"twitter:card\" content=\"summary_large_image\" \/>\n<meta name=\"twitter:label1\" content=\"Tempo estimado de leitura\" \/>\n\t<meta name=\"twitter:data1\" content=\"6 minutos\" \/>\n<script type=\"application\/ld+json\" class=\"yoast-schema-graph\">{\"@context\":\"https:\/\/schema.org\",\"@graph\":[{\"@type\":\"WebPage\",\"@id\":\"https:\/\/yoopies.pt\/c\/como-encontrar-um-explicador\/\",\"url\":\"https:\/\/yoopies.pt\/c\/como-encontrar-um-explicador\/\",\"name\":\"Como encontrar o explicador ideal para si?\",\"isPartOf\":{\"@id\":\"https:\/\/yoopies.pt\/c\/#website\"},\"primaryImageOfPage\":{\"@id\":\"https:\/\/yoopies.pt\/c\/como-encontrar-um-explicador\/#primaryimage\"},\"image\":{\"@id\":\"https:\/\/yoopies.pt\/c\/como-encontrar-um-explicador\/#primaryimage\"},\"thumbnailUrl\":\"https:\/\/yoopies.pt\/c\/wp-content\/uploads\/sites\/15\/2019\/07\/314970c89d77bb5c58e9c30eabc7b0eecd32152b-lonely-planet-643024-unsplash.jpg\",\"datePublished\":\"2019-07-11T14:09:32+00:00\",\"dateModified\":\"2025-06-12T08:50:11+00:00\",\"description\":\"Est\u00e1 com dificuldades em algumas mat\u00e9rias e n\u00e3o consegue encontrar um explicador que se adeque \u00e0s suas necessidades? O Yoopies tem a solu\u00e7\u00e3o ideal para si!\",\"breadcrumb\":{\"@id\":\"https:\/\/yoopies.pt\/c\/como-encontrar-um-explicador\/#breadcrumb\"},\"inLanguage\":\"pt-PT\",\"potentialAction\":[{\"@type\":\"ReadAction\",\"target\":[\"https:\/\/yoopies.pt\/c\/como-encontrar-um-explicador\/\"]}]},{\"@type\":\"ImageObject\",\"inLanguage\":\"pt-PT\",\"@id\":\"https:\/\/yoopies.pt\/c\/como-encontrar-um-explicador\/#primaryimage\",\"url\":\"https:\/\/yoopies.pt\/c\/wp-content\/uploads\/sites\/15\/2019\/07\/314970c89d77bb5c58e9c30eabc7b0eecd32152b-lonely-planet-643024-unsplash.jpg\",\"contentUrl\":\"https:\/\/yoopies.pt\/c\/wp-content\/uploads\/sites\/15\/2019\/07\/314970c89d77bb5c58e9c30eabc7b0eecd32152b-lonely-planet-643024-unsplash.jpg\",\"width\":5760,\"height\":3840},{\"@type\":\"BreadcrumbList\",\"@id\":\"https:\/\/yoopies.pt\/c\/como-encontrar-um-explicador\/#breadcrumb\",\"itemListElement\":[{\"@type\":\"ListItem\",\"position\":1,\"name\":\"Home\",\"item\":\"https:\/\/yoopies.pt\/c\/\"},{\"@type\":\"ListItem\",\"position\":2,\"name\":\"Como encontrar o explicador ideal para si?\"}]},{\"@type\":\"WebSite\",\"@id\":\"https:\/\/yoopies.pt\/c\/#website\",\"url\":\"https:\/\/yoopies.pt\/c\/\",\"name\":\"Yoopies Portugal\",\"description\":\"\",\"potentialAction\":[{\"@type\":\"SearchAction\",\"target\":{\"@type\":\"EntryPoint\",\"urlTemplate\":\"https:\/\/yoopies.pt\/c\/?s={search_term_string}\"},\"query-input\":{\"@type\":\"PropertyValueSpecification\",\"valueRequired\":true,\"valueName\":\"search_term_string\"}}],\"inLanguage\":\"pt-PT\"}]}<\/script>\n<!-- \/ Yoast SEO plugin. -->","yoast_head_json":{"title":"Como encontrar o explicador ideal para si?","description":"Est\u00e1 com dificuldades em algumas mat\u00e9rias e n\u00e3o consegue encontrar um explicador que se adeque \u00e0s suas necessidades? O Yoopies tem a solu\u00e7\u00e3o ideal para si!","robots":{"index":"index","follow":"follow","max-snippet":"max-snippet:-1","max-image-preview":"max-image-preview:large","max-video-preview":"max-video-preview:-1"},"canonical":"https:\/\/yoopies.pt\/c\/como-encontrar-um-explicador\/","og_locale":"pt_PT","og_type":"article","og_title":"Como encontrar o explicador ideal para si?","og_description":"Est\u00e1 com dificuldades em algumas mat\u00e9rias e n\u00e3o consegue encontrar um explicador que se adeque \u00e0s suas necessidades? O Yoopies tem a solu\u00e7\u00e3o ideal para si!","og_url":"https:\/\/yoopies.pt\/c\/como-encontrar-um-explicador\/","og_site_name":"Yoopies Portugal","article_modified_time":"2025-06-12T08:50:11+00:00","og_image":[{"url":"https:\/\/yoopies.pt\/c\/wp-content\/uploads\/sites\/15\/2019\/07\/314970c89d77bb5c58e9c30eabc7b0eecd32152b-lonely-planet-643024-unsplash.jpg","type":"","width":"","height":""}],"twitter_card":"summary_large_image","twitter_misc":{"Tempo estimado de leitura":"6 minutos"},"schema":{"@context":"https:\/\/schema.org","@graph":[{"@type":"WebPage","@id":"https:\/\/yoopies.pt\/c\/como-encontrar-um-explicador\/","url":"https:\/\/yoopies.pt\/c\/como-encontrar-um-explicador\/","name":"Como encontrar o explicador ideal para si?","isPartOf":{"@id":"https:\/\/yoopies.pt\/c\/#website"},"primaryImageOfPage":{"@id":"https:\/\/yoopies.pt\/c\/como-encontrar-um-explicador\/#primaryimage"},"image":{"@id":"https:\/\/yoopies.pt\/c\/como-encontrar-um-explicador\/#primaryimage"},"thumbnailUrl":"https:\/\/yoopies.pt\/c\/wp-content\/uploads\/sites\/15\/2019\/07\/314970c89d77bb5c58e9c30eabc7b0eecd32152b-lonely-planet-643024-unsplash.jpg","datePublished":"2019-07-11T14:09:32+00:00","dateModified":"2025-06-12T08:50:11+00:00","description":"Est\u00e1 com dificuldades em algumas mat\u00e9rias e n\u00e3o consegue encontrar um explicador que se adeque \u00e0s suas necessidades? O Yoopies tem a solu\u00e7\u00e3o ideal para si!","breadcrumb":{"@id":"https:\/\/yoopies.pt\/c\/como-encontrar-um-explicador\/#breadcrumb"},"inLanguage":"pt-PT","potentialAction":[{"@type":"ReadAction","target":["https:\/\/yoopies.pt\/c\/como-encontrar-um-explicador\/"]}]},{"@type":"ImageObject","inLanguage":"pt-PT","@id":"https:\/\/yoopies.pt\/c\/como-encontrar-um-explicador\/#primaryimage","url":"https:\/\/yoopies.pt\/c\/wp-content\/uploads\/sites\/15\/2019\/07\/314970c89d77bb5c58e9c30eabc7b0eecd32152b-lonely-planet-643024-unsplash.jpg","contentUrl":"https:\/\/yoopies.pt\/c\/wp-content\/uploads\/sites\/15\/2019\/07\/314970c89d77bb5c58e9c30eabc7b0eecd32152b-lonely-planet-643024-unsplash.jpg","width":5760,"height":3840},{"@type":"BreadcrumbList","@id":"https:\/\/yoopies.pt\/c\/como-encontrar-um-explicador\/#breadcrumb","itemListElement":[{"@type":"ListItem","position":1,"name":"Home","item":"https:\/\/yoopies.pt\/c\/"},{"@type":"ListItem","position":2,"name":"Como encontrar o explicador ideal para si?"}]},{"@type":"WebSite","@id":"https:\/\/yoopies.pt\/c\/#website","url":"https:\/\/yoopies.pt\/c\/","name":"Yoopies Portugal","description":"","potentialAction":[{"@type":"SearchAction","target":{"@type":"EntryPoint","urlTemplate":"https:\/\/yoopies.pt\/c\/?s={search_term_string}"},"query-input":{"@type":"PropertyValueSpecification","valueRequired":true,"valueName":"search_term_string"}}],"inLanguage":"pt-PT"}]}},"_links":{"self":[{"href":"https:\/\/yoopies.pt\/c\/wp-json\/wp\/v2\/pages\/273","targetHints":{"allow":["GET"]}}],"collection":[{"href":"https:\/\/yoopies.pt\/c\/wp-json\/wp\/v2\/pages"}],"about":[{"href":"https:\/\/yoopies.pt\/c\/wp-json\/wp\/v2\/types\/page"}],"author":[{"embeddable":true,"href":"https:\/\/yoopies.pt\/c\/wp-json\/wp\/v2\/users\/10"}],"replies":[{"embeddable":true,"href":"https:\/\/yoopies.pt\/c\/wp-json\/wp\/v2\/comments?post=273"}],"version-history":[{"count":1,"href":"https:\/\/yoopies.pt\/c\/wp-json\/wp\/v2\/pages\/273\/revisions"}],"predecessor-version":[{"id":276,"href":"https:\/\/yoopies.pt\/c\/wp-json\/wp\/v2\/pages\/273\/revisions\/276"}],"wp:attachment":[{"href":"https:\/\/yoopies.pt\/c\/wp-json\/wp\/v2\/media?parent=273"}],"curies":[{"name":"wp","href":"https:\/\/api.w.org\/{rel}","templated":true}]}}