{"id":231,"date":"2019-08-13T09:23:18","date_gmt":"2019-08-13T09:23:18","guid":{"rendered":"https:\/\/blog.yoopies.pt\/entrevista-com-a-babysitter-perguntas-e-conselhos\/"},"modified":"2025-06-12T08:50:11","modified_gmt":"2025-06-12T08:50:11","slug":"entrevista-com-a-babysitter-perguntas-e-conselhos","status":"publish","type":"page","link":"https:\/\/yoopies.pt\/c\/entrevista-com-a-babysitter-perguntas-e-conselhos\/","title":{"rendered":"Entrevista com a babysitter: perguntas e conselhos"},"content":{"rendered":"<p><p>O <a href=\"https:\/\/yoopies.pt\/\">Yoopies <\/a>entende que pode ser muito dif&iacute;cil escolher o profissional de cuidado infantil perfeito, visto que s&atilde;o muitas as op&ccedil;&otilde;es. Encontrar a babysitter, ama ou au pair ideal para a sua fam&iacute;lia &eacute; uma decis&atilde;o pessoal e sens&iacute;vel. Dada a grande quantidade de perfis dispon&iacute;veis na internet, escolher a babysitter ideal &eacute; uma tarefa delicada. <\/p>\n<\/p>\n<p><p>Por este motivo, o <a href=\"https:\/\/yoopies.pt\/\">Yoopies <\/a>selecionou algumas perguntas que voc&ecirc; pode fazer &agrave; babysitter e que podem ajudar-lhe a saber se ela &eacute; a pessoa certa para sua fam&iacute;lia e para o seu filho. <\/p>\n<\/p>\n<figure><img decoding=\"async\" src=\"https:\/\/yoopies.pt\/c\/wp-content\/uploads\/sites\/15\/2019\/08\/d222f7dd65b30a45000439585d1744308d964f9d-boy-child-childhood-235554.jpg\" \/><\/figure>\n<p><h2>Perguntas para fazer &agrave; babysitter:<\/h2>\n<\/p>\n<p><h2>1. Que experi&ecirc;ncias voc&ecirc; tem?<\/h2>\n<\/p>\n<p><p>Primeiro de tudo, voc&ecirc; vai querer saber se o entrevistado tem alguma experi&ecirc;ncia anterior no campo de cuidados infantis, se &eacute; uma babysitter, uma ama ou uma au pair. Esta &eacute; a oportunidade de saber mais sobre os seus trabalhos anteriores, quais as tarefas realizadas anteriormente ou o que ela aprendeu at&eacute; agora. <\/p>\n<\/p>\n<p><p>Esta pergunta tamb&eacute;m permitir&aacute; que voc&ecirc; avalie se a babysitter tem a experi&ecirc;ncia que voc&ecirc; procura.  Se voc&ecirc; quiser que a sua babysitter fa&ccedil;a alguma tarefa dom&eacute;stica quando o seu beb&ecirc; estiver dormindo, por exemplo, seria uma boa ideia perguntar se ela j&aacute; fez esse tipo de tarefa no trabalho anterior.<\/p>\n<\/p>\n<p><p>Al&eacute;m disso, voc&ecirc; tamb&eacute;m poder&aacute; descobrir se a babysitter entrevistada j&aacute; teve experi&ecirc;ncias anteriores com uma ou mais crian&ccedil;as da mesma idade do seu filho.<\/p>\n<\/p>\n<p><h2>2. Por que voc&ecirc; decidiu se tornar uma babysitter?<\/h2>\n<\/p>\n<p><p>O seu filho &eacute; o centro do seu mundo e quando uma babysitter est&aacute; com ele, voc&ecirc; vai querer ter certeza de que e;e tamb&eacute;m ser&aacute; prioridade para ela. Ao falar com uma potencial babysitter, &eacute; aconselh&aacute;vel perguntar o motivo pelo qual ela deseja o emprego. Ao fazer esta pergunta, voc&ecirc; certamente ter&aacute; um bom ponto de partida para tentar descobrir quem ela &eacute; e qual &eacute; a sua hist&oacute;ria.<\/p>\n<\/p>\n<p><h2>3. Qual &eacute; a coisa mais importante ao cuidar de uma crian&ccedil;a?<\/h2>\n<\/p>\n<p><p>As fam&iacute;lias s&atilde;o todas diferentes. No entanto, existem alguns fatores fundamentais para cuidar de uma crian&ccedil;a. A babysitter que escolher deve ser algu&eacute;m que compreenda que a seguran&ccedil;a do seu filho est&aacute; em primeiro lugar. Pergunte &agrave; sua potencial babysitter qual &eacute; a coisa mais importante a considerar em rela&ccedil;&atilde;o aos cuidados de uma crian&ccedil;a.<\/p>\n<\/p>\n<p><p>Voc&ecirc; deseja algu&eacute;m com quem os seus filho possam contar? Algu&eacute;m com quem os seus filhos possam brincar? Quer algu&eacute;m que fa&ccedil;a os trabalhos de casa, as refei&ccedil;&otilde;es e a hora de dormir? Ao descobrir quais s&atilde;o as prioridades de cuidados da sua babysitter, voc&ecirc; saber&aacute; se os seus princ&iacute;pios e prioridades s&atilde;o os mesmos.<\/p>\n<\/p>\n<p><h2>4. Fale mais sobre si&#8230;<\/h2>\n<\/p>\n<p><p>Por &uacute;ltimo, mas n&atilde;o menos importante, voc&ecirc; vai querer descobrir quem &eacute; a pessoa que est&aacute;s a receber. Tente fazer perguntas sobre a sua potencial babysitter. Exemplo:\n<\/p>\n<\/p>\n<ul>\n<li>Quais s&atilde;o seus hobbies e interesses? <\/li>\n<li>Que outros empregos ela j&aacute; teve? <\/li>\n<li>Tem filhos?<\/li>\n<\/ul>\n<p><p>Ao conhecer a sua babysitter a n&iacute;vel pessoal, vai sentir-se mais &agrave; vontade para a ter em casa e tamb&eacute;m vai permitir-lhe estar mais relaxada e confiante e assim come&ccedil;ar com o p&eacute; direito na rela&ccedil;&atilde;o com a crian&ccedil;a.<\/p>\n<\/p>\n<figure><img decoding=\"async\" src=\"https:\/\/yoopies.pt\/c\/wp-content\/uploads\/sites\/15\/2019\/08\/379e2c0635720de9b82bc890f6111a300bcb30e1-prismic-baby-sitter.jpg\" \/><\/figure>\n<p><h2>Sugest&otilde;es para a hora da entrevista: <\/h2>\n<\/p>\n<p><p>Aqui est&atilde;o algumas das sugest&otilde;es do <a href=\"https:\/\/yoopies.pt\/\">Yoopies <\/a>para perguntas especiais ou pedidos para uma entrevista com uma babysitter:<\/p>\n<\/p>\n<p><h2>1. Refer&ecirc;ncias<\/h2>\n<\/p>\n<p><p>Um conselho muito importante para a entrevista com a babysitter &eacute; pedir refer&ecirc;ncias. Sua babysitter deve sempre ter algumas refer&ecirc;ncias que voc&ecirc; pode contactar por telefone ou e-mail. Assim, voc&ecirc; poder&aacute; ter certeza de que a babysitter que voc&ecirc; deseja selecionar &eacute; recomendada por outros pais.<\/p>\n<\/p>\n<p><h2>2. Primeiros socorros<\/h2>\n<\/p>\n<p><p>Se a babysitter em quest&atilde;o &eacute; treinada em primeiros socorros pedi&aacute;tricos, voc&ecirc; vai ficar descansado ao saber que o seu filho est&aacute; em boas m&atilde;os. Entretanto, se a sua potencial babysitter n&atilde;o tiver um curso de primeiros socorros, voc&ecirc; poder&aacute; perguntar se ela tem interesse em completar o curso de 12 horas. <\/p>\n<\/p>\n<p><h2>3. Esclarecimentos<\/h2>\n<\/p>\n<p><p>Finalmente, ao falar com a entrevistada, &eacute; importante saber o que voc&ecirc; quer. Escreva uma lista de quantas horas voc&ecirc; pode oferecer, quanto voc&ecirc; est&aacute; disposto a pagar e os deveres que voc&ecirc; gostaria que sua babysitter realizasse. Esta &eacute; tamb&eacute;m uma oportunidade para dar informa&ccedil;&otilde;es espec&iacute;ficas sobre o seu filho, seus gostos e o que ele ou ela n&atilde;o pode suportar. Assim como voc&ecirc;, sua babysitter ter&aacute; muitas perguntas, ent&atilde;o certifique-se de apresentar o cargo em sua totalidade.<\/p>\n<\/p>\n<p><p>Esperamos que este guia de perguntas e sugest&otilde;es para entrevistas de babysitting tenha sido &uacute;til e desejamos-lhe boa sorte com a sua pesquisa. Para encontrar profissionais na sua &aacute;rea, v&aacute; ao <a href=\"https:\/\/yoopies.pt\/\">Yoopies<\/a>!<\/p>\n<\/p>\n<p><a class=\"button\" href=\"https:\/\/yoopies.pt\/\">Procura uma babysitter na sua \u00e1rea de resid\u00eancia! <\/a><\/p>\n","protected":false},"excerpt":{"rendered":"<p>O Yoopies entende que pode ser muito dif&iacute;cil escolher o profissional de cuidado infantil perfeito, &hellip; <\/p>\n","protected":false},"author":10,"featured_media":234,"parent":0,"menu_order":0,"comment_status":"closed","ping_status":"closed","template":"","meta":{"_acf_changed":false,"footnotes":""},"class_list":["post-231","page","type-page","status-publish","has-post-thumbnail","hentry"],"acf":[],"yoast_head":"<!-- This site is optimized with the Yoast SEO plugin v26.9 - https:\/\/yoast.com\/product\/yoast-seo-wordpress\/ -->\n<title>Entrevista com a babysitter: perguntas e conselhos<\/title>\n<meta name=\"description\" content=\"O Yoopies selecionou algumas perguntas que voc\u00ea pode fazer \u00e0 babysitter e que podem ajudar-lhe a saber se ela \u00e9 ideal para si.\" \/>\n<meta name=\"robots\" content=\"index, follow, max-snippet:-1, max-image-preview:large, max-video-preview:-1\" \/>\n<link rel=\"canonical\" href=\"https:\/\/yoopies.pt\/c\/entrevista-com-a-babysitter-perguntas-e-conselhos\/\" \/>\n<meta property=\"og:locale\" content=\"pt_PT\" \/>\n<meta property=\"og:type\" content=\"article\" \/>\n<meta property=\"og:title\" content=\"Entrevista com a babysitter: perguntas e conselhos\" \/>\n<meta property=\"og:description\" content=\"O Yoopies selecionou algumas perguntas que voc\u00ea pode fazer \u00e0 babysitter e que podem ajudar-lhe a saber se ela \u00e9 ideal para si.\" \/>\n<meta property=\"og:url\" content=\"https:\/\/yoopies.pt\/c\/entrevista-com-a-babysitter-perguntas-e-conselhos\/\" \/>\n<meta property=\"og:site_name\" content=\"Yoopies Portugal\" \/>\n<meta property=\"article:modified_time\" content=\"2025-06-12T08:50:11+00:00\" \/>\n<meta property=\"og:image\" content=\"https:\/\/yoopies.pt\/c\/wp-content\/uploads\/sites\/15\/2019\/08\/297fddcec0bc7043e085b6b5ab4e2859aa38277f-boy-child-childhood-235554.jpg\" \/>\n\t<meta property=\"og:image:width\" content=\"1200\" \/>\n\t<meta property=\"og:image:height\" content=\"800\" \/>\n\t<meta property=\"og:image:type\" content=\"image\/jpeg\" \/>\n<meta name=\"twitter:card\" content=\"summary_large_image\" \/>\n<meta name=\"twitter:label1\" content=\"Tempo estimado de leitura\" \/>\n\t<meta name=\"twitter:data1\" content=\"5 minutos\" \/>\n<script type=\"application\/ld+json\" class=\"yoast-schema-graph\">{\"@context\":\"https:\/\/schema.org\",\"@graph\":[{\"@type\":\"WebPage\",\"@id\":\"https:\/\/yoopies.pt\/c\/entrevista-com-a-babysitter-perguntas-e-conselhos\/\",\"url\":\"https:\/\/yoopies.pt\/c\/entrevista-com-a-babysitter-perguntas-e-conselhos\/\",\"name\":\"Entrevista com a babysitter: perguntas e conselhos\",\"isPartOf\":{\"@id\":\"https:\/\/yoopies.pt\/c\/#website\"},\"primaryImageOfPage\":{\"@id\":\"https:\/\/yoopies.pt\/c\/entrevista-com-a-babysitter-perguntas-e-conselhos\/#primaryimage\"},\"image\":{\"@id\":\"https:\/\/yoopies.pt\/c\/entrevista-com-a-babysitter-perguntas-e-conselhos\/#primaryimage\"},\"thumbnailUrl\":\"https:\/\/yoopies.pt\/c\/wp-content\/uploads\/sites\/15\/2019\/08\/297fddcec0bc7043e085b6b5ab4e2859aa38277f-boy-child-childhood-235554.jpg\",\"datePublished\":\"2019-08-13T09:23:18+00:00\",\"dateModified\":\"2025-06-12T08:50:11+00:00\",\"description\":\"O Yoopies selecionou algumas perguntas que voc\u00ea pode fazer \u00e0 babysitter e que podem ajudar-lhe a saber se ela \u00e9 ideal para si.\",\"breadcrumb\":{\"@id\":\"https:\/\/yoopies.pt\/c\/entrevista-com-a-babysitter-perguntas-e-conselhos\/#breadcrumb\"},\"inLanguage\":\"pt-PT\",\"potentialAction\":[{\"@type\":\"ReadAction\",\"target\":[\"https:\/\/yoopies.pt\/c\/entrevista-com-a-babysitter-perguntas-e-conselhos\/\"]}]},{\"@type\":\"ImageObject\",\"inLanguage\":\"pt-PT\",\"@id\":\"https:\/\/yoopies.pt\/c\/entrevista-com-a-babysitter-perguntas-e-conselhos\/#primaryimage\",\"url\":\"https:\/\/yoopies.pt\/c\/wp-content\/uploads\/sites\/15\/2019\/08\/297fddcec0bc7043e085b6b5ab4e2859aa38277f-boy-child-childhood-235554.jpg\",\"contentUrl\":\"https:\/\/yoopies.pt\/c\/wp-content\/uploads\/sites\/15\/2019\/08\/297fddcec0bc7043e085b6b5ab4e2859aa38277f-boy-child-childhood-235554.jpg\",\"width\":1200,\"height\":800},{\"@type\":\"BreadcrumbList\",\"@id\":\"https:\/\/yoopies.pt\/c\/entrevista-com-a-babysitter-perguntas-e-conselhos\/#breadcrumb\",\"itemListElement\":[{\"@type\":\"ListItem\",\"position\":1,\"name\":\"Home\",\"item\":\"https:\/\/yoopies.pt\/c\/\"},{\"@type\":\"ListItem\",\"position\":2,\"name\":\"Entrevista com a babysitter: perguntas e conselhos\"}]},{\"@type\":\"WebSite\",\"@id\":\"https:\/\/yoopies.pt\/c\/#website\",\"url\":\"https:\/\/yoopies.pt\/c\/\",\"name\":\"Yoopies Portugal\",\"description\":\"\",\"potentialAction\":[{\"@type\":\"SearchAction\",\"target\":{\"@type\":\"EntryPoint\",\"urlTemplate\":\"https:\/\/yoopies.pt\/c\/?s={search_term_string}\"},\"query-input\":{\"@type\":\"PropertyValueSpecification\",\"valueRequired\":true,\"valueName\":\"search_term_string\"}}],\"inLanguage\":\"pt-PT\"}]}<\/script>\n<!-- \/ Yoast SEO plugin. -->","yoast_head_json":{"title":"Entrevista com a babysitter: perguntas e conselhos","description":"O Yoopies selecionou algumas perguntas que voc\u00ea pode fazer \u00e0 babysitter e que podem ajudar-lhe a saber se ela \u00e9 ideal para si.","robots":{"index":"index","follow":"follow","max-snippet":"max-snippet:-1","max-image-preview":"max-image-preview:large","max-video-preview":"max-video-preview:-1"},"canonical":"https:\/\/yoopies.pt\/c\/entrevista-com-a-babysitter-perguntas-e-conselhos\/","og_locale":"pt_PT","og_type":"article","og_title":"Entrevista com a babysitter: perguntas e conselhos","og_description":"O Yoopies selecionou algumas perguntas que voc\u00ea pode fazer \u00e0 babysitter e que podem ajudar-lhe a saber se ela \u00e9 ideal para si.","og_url":"https:\/\/yoopies.pt\/c\/entrevista-com-a-babysitter-perguntas-e-conselhos\/","og_site_name":"Yoopies Portugal","article_modified_time":"2025-06-12T08:50:11+00:00","og_image":[{"width":1200,"height":800,"url":"https:\/\/yoopies.pt\/c\/wp-content\/uploads\/sites\/15\/2019\/08\/297fddcec0bc7043e085b6b5ab4e2859aa38277f-boy-child-childhood-235554.jpg","type":"image\/jpeg"}],"twitter_card":"summary_large_image","twitter_misc":{"Tempo estimado de leitura":"5 minutos"},"schema":{"@context":"https:\/\/schema.org","@graph":[{"@type":"WebPage","@id":"https:\/\/yoopies.pt\/c\/entrevista-com-a-babysitter-perguntas-e-conselhos\/","url":"https:\/\/yoopies.pt\/c\/entrevista-com-a-babysitter-perguntas-e-conselhos\/","name":"Entrevista com a babysitter: perguntas e conselhos","isPartOf":{"@id":"https:\/\/yoopies.pt\/c\/#website"},"primaryImageOfPage":{"@id":"https:\/\/yoopies.pt\/c\/entrevista-com-a-babysitter-perguntas-e-conselhos\/#primaryimage"},"image":{"@id":"https:\/\/yoopies.pt\/c\/entrevista-com-a-babysitter-perguntas-e-conselhos\/#primaryimage"},"thumbnailUrl":"https:\/\/yoopies.pt\/c\/wp-content\/uploads\/sites\/15\/2019\/08\/297fddcec0bc7043e085b6b5ab4e2859aa38277f-boy-child-childhood-235554.jpg","datePublished":"2019-08-13T09:23:18+00:00","dateModified":"2025-06-12T08:50:11+00:00","description":"O Yoopies selecionou algumas perguntas que voc\u00ea pode fazer \u00e0 babysitter e que podem ajudar-lhe a saber se ela \u00e9 ideal para si.","breadcrumb":{"@id":"https:\/\/yoopies.pt\/c\/entrevista-com-a-babysitter-perguntas-e-conselhos\/#breadcrumb"},"inLanguage":"pt-PT","potentialAction":[{"@type":"ReadAction","target":["https:\/\/yoopies.pt\/c\/entrevista-com-a-babysitter-perguntas-e-conselhos\/"]}]},{"@type":"ImageObject","inLanguage":"pt-PT","@id":"https:\/\/yoopies.pt\/c\/entrevista-com-a-babysitter-perguntas-e-conselhos\/#primaryimage","url":"https:\/\/yoopies.pt\/c\/wp-content\/uploads\/sites\/15\/2019\/08\/297fddcec0bc7043e085b6b5ab4e2859aa38277f-boy-child-childhood-235554.jpg","contentUrl":"https:\/\/yoopies.pt\/c\/wp-content\/uploads\/sites\/15\/2019\/08\/297fddcec0bc7043e085b6b5ab4e2859aa38277f-boy-child-childhood-235554.jpg","width":1200,"height":800},{"@type":"BreadcrumbList","@id":"https:\/\/yoopies.pt\/c\/entrevista-com-a-babysitter-perguntas-e-conselhos\/#breadcrumb","itemListElement":[{"@type":"ListItem","position":1,"name":"Home","item":"https:\/\/yoopies.pt\/c\/"},{"@type":"ListItem","position":2,"name":"Entrevista com a babysitter: perguntas e conselhos"}]},{"@type":"WebSite","@id":"https:\/\/yoopies.pt\/c\/#website","url":"https:\/\/yoopies.pt\/c\/","name":"Yoopies Portugal","description":"","potentialAction":[{"@type":"SearchAction","target":{"@type":"EntryPoint","urlTemplate":"https:\/\/yoopies.pt\/c\/?s={search_term_string}"},"query-input":{"@type":"PropertyValueSpecification","valueRequired":true,"valueName":"search_term_string"}}],"inLanguage":"pt-PT"}]}},"_links":{"self":[{"href":"https:\/\/yoopies.pt\/c\/wp-json\/wp\/v2\/pages\/231","targetHints":{"allow":["GET"]}}],"collection":[{"href":"https:\/\/yoopies.pt\/c\/wp-json\/wp\/v2\/pages"}],"about":[{"href":"https:\/\/yoopies.pt\/c\/wp-json\/wp\/v2\/types\/page"}],"author":[{"embeddable":true,"href":"https:\/\/yoopies.pt\/c\/wp-json\/wp\/v2\/users\/10"}],"replies":[{"embeddable":true,"href":"https:\/\/yoopies.pt\/c\/wp-json\/wp\/v2\/comments?post=231"}],"version-history":[{"count":1,"href":"https:\/\/yoopies.pt\/c\/wp-json\/wp\/v2\/pages\/231\/revisions"}],"predecessor-version":[{"id":235,"href":"https:\/\/yoopies.pt\/c\/wp-json\/wp\/v2\/pages\/231\/revisions\/235"}],"wp:featuredmedia":[{"embeddable":true,"href":"https:\/\/yoopies.pt\/c\/wp-json\/wp\/v2\/media\/234"}],"wp:attachment":[{"href":"https:\/\/yoopies.pt\/c\/wp-json\/wp\/v2\/media?parent=231"}],"curies":[{"name":"wp","href":"https:\/\/api.w.org\/{rel}","templated":true}]}}