{"id":123,"date":"2020-04-06T11:12:15","date_gmt":"2020-04-06T11:12:15","guid":{"rendered":"https:\/\/blog.yoopies.pt\/covid-19-perguntas-frequentes-transmissao-e-prevencao\/"},"modified":"2025-06-12T08:50:11","modified_gmt":"2025-06-12T08:50:11","slug":"covid-19-perguntas-frequentes-transmissao-e-prevencao","status":"publish","type":"page","link":"https:\/\/yoopies.pt\/c\/covid-19-perguntas-frequentes-transmissao-e-prevencao\/","title":{"rendered":"Covid-19: perguntas frequentes, transmiss\u00e3o da doen\u00e7a e medidas de preven\u00e7\u00e3o"},"content":{"rendered":"<figure><img decoding=\"async\" src=\"https:\/\/yoopies.pt\/c\/wp-content\/uploads\/sites\/15\/2020\/04\/a55dff6f-c331-4c49-986f-cede99b92742-boy-wearing-surgical-mask-695954.jpg\" \/><\/figure>\n<p><p>O novo coronav&iacute;rus est&aacute; a levantar cada vez mais quest&otilde;es e preocupa&ccedil;&otilde;es, e estas s&atilde;o ainda mais importantes quando se trata da sa&uacute;de dos nossos filhos. Reunimos aqui informa&ccedil;&otilde;es importantes sobre o v&iacute;rus e mostramos-lhe alguns passos simples que pode tomar todos os dias a fim de se proteger. A preven&ccedil;&atilde;o &eacute; essencial para reduzir a propaga&ccedil;&atilde;o do coronav&iacute;rus, por isso n&atilde;o hesite em educar os seus filhos e encoraj&aacute;-los a adoptar bons h&aacute;bitos de higiene.<\/p>\n<\/p>\n<p class=\"highlighted\">\n<p>PERGUNTAS B&Aacute;SICAS SOBRE O COVID-19<\/p>\n<\/p>\n<p><p><strong>O que s&atilde;o os Coronav&iacute;rus?<\/strong><\/p>\n<p>Os coronav&iacute;rus s&atilde;o uma fam&iacute;lia de v&iacute;rus que podem causar infe&ccedil;&otilde;es nas pessoas. Normalmente estas infe&ccedil;&otilde;es afetam o sistema respirat&oacute;rio, podendo ser semelhantes &agrave; gripe ou evoluir para uma doen&ccedil;a mais grave, como pneumonia.<\/p>\n<\/p>\n<p><p><strong>O que &eacute; o Novo Coronav&iacute;rus?<\/strong><\/p>\n<p>O novo coronav&iacute;rus, designado SARS-CoV-2, foi identificado pela primeira vez em dezembro de 2019 na China, na cidade de Wuhan. Este novo agente nunca tinha sido identificado anteriormente em seres humanos. A fonte da infe&ccedil;&atilde;o &eacute; ainda desconhecida.<\/p>\n<p>Ainda est&aacute; em investiga&ccedil;&atilde;o a via de transmiss&atilde;o. A transmiss&atilde;o pessoa a pessoa foi confirmada e j&aacute; existe infe&ccedil;&atilde;o em v&aacute;rios pa&iacute;ses e em pessoas que n&atilde;o tinham visitado o mercado de Wuhan. A investiga&ccedil;&atilde;o prossegue.<\/p>\n<\/p>\n<p><p><strong>Covid-19 &eacute; o mesmo que o SARS-CoV-2? <\/strong><\/p>\n<p>N&atilde;o. SARS-CoV-2 &eacute; o nome do novo v&iacute;rus e significa Severe Respiratory Acute Syndrome (S&iacute;ndrome Respirat&oacute;ria Aguda Grave) &ndash; Coronav&iacute;rus &ndash; 2. Existe outro coronav&iacute;rus que causa uma S&iacute;ndrome Respirat&oacute;ria Aguda Grave, que foi identificado em 2002, este &eacute; chamado &ldquo;SARS-CoV&rdquo;, por isso o Novo Coronav&iacute;rus &eacute; designado por &ldquo;SARS-CoV-2&rdquo;. COVID-19 (Coronavirus Disease) &eacute; o nome da doen&ccedil;a e significa Doen&ccedil;a por Coronav&iacute;rus 2019, fazendo refer&ecirc;ncia ao ano em que foi descoberta.<\/p>\n<\/p>\n<p><p><strong>Qual a origem do Novo Coronav&iacute;rus? <\/strong><\/p>\n<p>Segundo as informa&ccedil;&otilde;es publicadas pelas autoridades internacionais, a fonte da infe&ccedil;&atilde;o &eacute; desconhecida e ainda pode estar ativa. A maioria dos casos est&aacute; associada a um mercado em Wuhan (Wuhan&rsquo;s Huanan Seafood Wholesale Market), espec&iacute;fico para alimentos e animais vivos (peixe, mariscos e aves). O mercado foi encerrado a 1 de janeiro de 2020. Como os primeiros casos de infe&ccedil;&atilde;o est&atilde;o relacionados com pessoas que frequentaram este mercado, suspeita-se que o v&iacute;rus seja de origem animal, mas n&atilde;o h&aacute; certezas. Isto porque j&aacute; foram confirmadas infe&ccedil;&otilde;es em pessoas que n&atilde;o tinham visitado este mercado. A investiga&ccedil;&atilde;o prossegue.<\/p>\n<\/p>\n<p><p><strong>Quais s&atilde;o os sintomas? <\/strong><\/p>\n<p>A maioria das pessoas infetadas apresentam sintomas de infe&ccedil;&atilde;o respirat&oacute;ria aguda ligeiros a moderados:<br \/>\n&bull; Febre (T&gt;37,5&ordm;C)<br \/>\n&bull; Tosse<br \/>\n&bull; Dificuldade respirat&oacute;ria (Falta de ar)<\/p>\n<p>Em casos mais graves pode causar pneumonia grave com insufici&ecirc;ncia respirat&oacute;ria aguda, fal&ecirc;ncia renal e de outros &oacute;rg&atilde;os, e eventual morte. Contudo, a maioria dos casos recupera sem sequelas.<\/p>\n<\/p>\n<p class=\"highlighted\">\n<p>TRANSMISS&Atilde;O DA DOEN&Ccedil;A <\/p>\n<\/p>\n<p><p><strong>Como se transmite? <\/strong><\/p>\n<p>A COVID-19 transmite-se por contacto pr&oacute;ximo com pessoas infetadas pelo v&iacute;rus, ou superf&iacute;cies e objetos contaminados.<\/p>\n<p>Esta doen&ccedil;a transmite-se atrav&eacute;s de got&iacute;culas libertadas pelo nariz ou boca quando tossimos ou espirramos, que podem atingir diretamente a boca, nariz e olhos de quem estiver pr&oacute;ximo.<\/p>\n<p>As got&iacute;culas podem depositar-se nos objetos ou superf&iacute;cies que rodeiam a pessoa infetada. Por sua vez, outras pessoas podem infetar-se ao tocar nestes objetos ou superf&iacute;cies e depois tocar nos olhos, nariz ou boca com as m&atilde;os.<\/p>\n<\/p>\n<p><p><strong>O que o contacto pr&oacute;ximo? <\/strong><\/p>\n<p>Os seguintes casos podem ser considerados como contactos pr&oacute;ximos:<\/p>\n<p>&bull; Pessoa com exposi&ccedil;&atilde;o associada a cuidados de sa&uacute;de, nomeadamente a presta&ccedil;&atilde;o de cuidados diretos a doente com COVID-19 ou o contacto em ambiente laboratorial com amostras de COVID-19;<\/p>\n<p>&bull; Contacto em proximidade ou em ambiente fechado com um doente com COVID-19 (ex: sala de aula);<\/p>\n<p>&bull; Pessoas que viagem com doente com COVID-19, como por exemplo:<\/p>\n<ol>\n<li>companheiros de viagem num avi&atilde;o: as pessoas que est&atilde;o dois lugares &agrave; esquerda ou &agrave; direita do doente, 2 lugares nas duas filas consecutivas &agrave; frente do doente e dois lugares nas duas filas consecutivas atr&aacute;s do doente e tripulantes de bordo que serviram a sec&ccedil;&atilde;o do doente;<\/li>\n<li>companheiros de viagem num navio: pessoas que partilharam a mesma cabine e tripulantes de bordo que serviram a cabine do doente.<\/li>\n<li>Ou outros meios de transporte (autocarros, comboios&hellip;)<\/li>\n<\/ol>\n<p><p><strong>Os animais dom&eacute;sticos podem transmitir o Covid-19?<\/strong><\/p>\n<p>N&atilde;o. De acordo com informa&ccedil;&atilde;o da Organiza&ccedil;&atilde;o Mundial da Sa&uacute;de (OMS), n&atilde;o h&aacute; evid&ecirc;ncia de que os animais dom&eacute;sticos, tais como c&atilde;es e gatos, tenham sido infetados e que, consequentemente, possam transmitir o COVID-19.<\/p>\n<\/p>\n<p><p><strong>Uma pessoa sem sintomas pode transmitir o Covid-19? <\/strong><\/p>\n<p>O risco de contrair COVID-19 a partir de algu&eacute;m sem sintomas &eacute; muito baixo. No entanto, muitas pessoas infetadas apresentam apenas sintomas ligeiros, sobretudo na fase inicial da doen&ccedil;a. Portanto, &eacute; poss&iacute;vel contrair o v&iacute;rus de algu&eacute;m que tenha apenas uma tosse ligeira, por exemplo, e n&atilde;o se sinta doente.As crian&ccedil;as podem transmitir a infe&ccedil;&atilde;o e doen&ccedil;a por COVID-19? Sim, as crian&ccedil;as infetadas com SARS-CoV-2 ou que estejam em fase de incuba&ccedil;&atilde;o tamb&eacute;m transmitem a doen&ccedil;a. Pela acentuada proximidade entre as crian&ccedil;as, o contacto muito pr&oacute;ximo durante a brincadeira e partilha de brinquedos com got&iacute;culas e secre&ccedil;&otilde;es, podem ser um grande transmissor da COVID-19. Como as crian&ccedil;as mais pequenas s&atilde;o vulner&aacute;veis e n&atilde;o t&ecirc;m ainda a capacidade de se defenderem e de tomarem decis&otilde;es sobre a sua pr&oacute;pria prote&ccedil;&atilde;o, os adultos devem assegurar os cuidados necess&aacute;rios para diminuir a probabilidade de transmiss&atilde;o.<\/p>\n<\/p>\n<p><p><strong>A transmiss&atilde;o pode acontecer pelo ar ou atrav&eacute;s de superf&iacute;cies met&aacute;licas? <\/strong><\/p>\n<p>O cont&aacute;gio n&atilde;o &eacute; pelo ar, mas sim atrav&eacute;s de secre&ccedil;&otilde;es respirat&oacute;rias ou got&iacute;culas que s&atilde;o expelidas por uma pessoa infetada e\/ou durante a realiza&ccedil;&atilde;o de procedimentos m&eacute;dicos invasivos produtores de aeross&oacute;is. As got&iacute;culas que a pessoa expele podem entrar diretamente pela boca, olhos ou nariz e provocar infe&ccedil;&atilde;o.<br \/>\nCumprir o distanciamento social aconselhado pela Dire&ccedil;&atilde;o-Geral da Sa&uacute;de ou ficar em casa s&atilde;o boas medidas para prevenir a infe&ccedil;&atilde;o nesta fase.<br \/>\nAs superf&iacute;cies met&aacute;licas ou outras n&atilde;o transmitem diretamente o v&iacute;rus. S&oacute; transmitem o v&iacute;rus se se tocar com as m&atilde;os numa superf&iacute;cie suja ou com secre&ccedil;&otilde;es respirat&oacute;rias ou got&iacute;culas que contenham part&iacute;culas virais e se levar, posteriormente, as m&atilde;os &agrave; boca, ao nariz ou aos olhos. Se as superf&iacute;cies forem lavadas regularmente evita-se esse cont&aacute;gio.<\/p>\n<\/p>\n<p class=\"highlighted\">\n<p>MEDIDAS DE PREVEN&Ccedil;&Atilde;O <\/p>\n<\/p>\n<p><p><strong>O que s&atilde;o as medidas de higiene e etiqueta respirat&oacute;ria? <\/strong><\/p>\n<p>Nas &aacute;reas afetadas, a Organiza&ccedil;&atilde;o Mundial da Sa&uacute;de (OMS) recomenda medidas de higiene e etiqueta respirat&oacute;ria para reduzir a exposi&ccedil;&atilde;o e transmiss&atilde;o da doen&ccedil;a:<br \/>\n&bull; Medidas de etiqueta respirat&oacute;ria: tapar o nariz e a boca quando espirrar ou tossir, com um len&ccedil;o de papel ou com o antebra&ccedil;o, nunca com as m&atilde;os, e deitar sempre o len&ccedil;o de papel no lixo;<br \/>\n&bull; Lavar as m&atilde;os frequentemente. Deve lav&aacute;-las sempre que se assoar, espirrar, tossir ou ap&oacute;s contacto direto com pessoas doentes. Deve lav&aacute;-las durante 20 segundos (o tempo que demora a cantar os &ldquo;Parab&eacute;ns&rdquo;) com &aacute;gua e sab&atilde;o ou com solu&ccedil;&atilde;o &agrave; base de &aacute;lcool a 70%;<br \/>\n&bull; Evitar contacto pr&oacute;ximo com pessoas com infe&ccedil;&atilde;o respirat&oacute;ria;<br \/>\n&bull; Evitar tocar na cara com as m&atilde;os;<br \/>\n&bull; Evitar partilhar objetos pessoais ou comida em que tenha tocado.<\/p>\n<\/p>\n<p><p><strong>Quem est&aacute; em risco de doen&ccedil;a por Covid-19? <\/strong><\/p>\n<p>O v&iacute;rus n&atilde;o tem nacionalidade, idade ou g&eacute;nero, por isso todos corremos o risco de contra&ccedil;&atilde;o deste novo coronav&iacute;rus.<\/p>\n<p>Ainda assim, as pessoas que correm maior risco de doen&ccedil;a grave por COVID-19 s&atilde;o os idosos e pessoas com doen&ccedil;as cr&oacute;nicas (ex.: doen&ccedil;as card&iacute;acas, diabetes e doen&ccedil;as pulmonares).<\/p>\n<\/p>\n<p><p><strong>O que as pessoas do grupo de risco por Covid-19 devem fazer? <\/strong><\/p>\n<p>Se tiver risco de doen&ccedil;a grave por COVID-19, deve:<\/p>\n<p>&bull; Tomar precau&ccedil;&otilde;es di&aacute;rias (ex.: medidas de etiqueta respirat&oacute;ria), evitando o contacto pr&oacute;ximo com outras pessoas;<br \/>\n&bull; Afastar-se de pessoas doentes;<br \/>\n&bull; Limitar o contacto social e evitar multid&otilde;es;<br \/>\n&bull; Lavar frequentemente as m&atilde;os.<\/p>\n<p>Se houver um cluster na sua comunidade, evite o contacto pr&oacute;ximo com pessoas e, se poss&iacute;vel, mantenha-se em casa. Preste aten&ccedil;&atilde;o aos sinais e sintomas. Se ficar doente, permane&ccedil;a em casa e ligue para o SNS24.<\/p>\n<\/p>\n<p><p><strong>Tenho de usar m&aacute;scara? <\/strong><\/p>\n<p>De acordo com a situa&ccedil;&atilde;o atual em Portugal, n&atilde;o est&aacute; indicado o uso de m&aacute;scara para prote&ccedil;&atilde;o individual, exceto nas seguintes situa&ccedil;&otilde;es:<br \/>\n&bull; Suspeitos de infe&ccedil;&atilde;o por COVID-19;<br \/>\n&bull; Pessoas que prestem cuidados a suspeitos de infe&ccedil;&atilde;o por COVID-19.<\/p>\n<p>A Dire&ccedil;&atilde;o-Geral da Sa&uacute;de n&atilde;o recomenda, at&eacute; ao momento, o uso de m&aacute;scara de prote&ccedil;&atilde;o para pessoas que n&atilde;o apresentam sintomas (assintom&aacute;ticas). O uso de m&aacute;scara de forma incorreta pode aumentar o risco de infe&ccedil;&atilde;o, por estar mal colocada ou devido ao contacto das m&atilde;os com a cara. A m&aacute;scara contribui tamb&eacute;m para uma falsa sensa&ccedil;&atilde;o de seguran&ccedil;a.<\/p>\n<p>A utiliza&ccedil;&atilde;o de m&aacute;scara contribui tamb&eacute;m para uma falsa sensa&ccedil;&atilde;o de seguran&ccedil;a.<\/p>\n<\/p>\n<p><p><strong>Quais os cuidados a adotar quando uso m&aacute;scara?<\/strong><\/p>\n<p>Em primeiro lugar, lembre-se: s&oacute; deve usar m&aacute;scara se tiver indica&ccedil;&atilde;o para isso. Se lhe for indicada pelo profissional de sa&uacute;de, evite m&aacute;scaras de pano, que podem acumular res&iacute;duos ou at&eacute; part&iacute;culas infeciosas, fazendo com que aumente o risco de dissemina&ccedil;&atilde;o do v&iacute;rus.<br \/>\nAntes de colocar a m&aacute;scara, deve lavar bem as m&atilde;os. Verifique se a m&aacute;scara est&aacute; perfeitamente ajustada ao seu rosto e evite tocar-lhe enquanto est&aacute; a us&aacute;-la. Mude de m&aacute;scara quando estiver suja ou h&uacute;mida e lave bem as m&atilde;os antes de retir&aacute;-la.<br \/>\nE lembre-se: o uso da m&aacute;scara s&oacute; &eacute; adequado se for aplicado conjuntamente com a higiene das m&atilde;os, a etiqueta respirat&oacute;ria, a limpeza das superf&iacute;cies e o distanciamento social.<\/p>\n<\/p>\n<p><p><strong>Devo usar luvas? <\/strong><\/p>\n<p>O uso de luvas na rua n&atilde;o &eacute; eficaz. Se foram usadas inadequadamente, as luvas podem ser um ve&iacute;culo de transmiss&atilde;o do v&iacute;rus, em vez de serem um meio de prote&ccedil;&atilde;o. Quando n&atilde;o indicado, o uso de luvas representa um desperd&iacute;cio de recursos.<br \/>\nO mais importante para evitar a transmiss&atilde;o do v&iacute;rus &eacute; lavar as m&atilde;os com frequ&ecirc;ncia e sempre que estiverem sujas.<\/p>\n<\/p>\n<p><p>Para mais informa&ccedil;&otilde;es, por favor aceda ao site da <strong>Dire&ccedil;&atilde;o-Geral da Sa&uacute;de<\/strong>: <a href=\"https:\/\/covid19.min-saude.pt\/\">https:\/\/covid19.min-saude.pt\/<\/a><\/p>\n<p>Informa&ccedil;&otilde;es sobre a sua unidade de sa&uacute;de, por favor pesquise o n&uacute;mero de cada unidade na internet ou ligue para <strong>118<\/strong><\/p>\n<p>Outras informa&ccedil;&otilde;es tamb&eacute;m est&atilde;o dispon&iacute;veis na aplica&ccedil;&atilde;o <strong>App Covid19 &#8211; Estamos On<\/strong>.<\/p><\/p>\n","protected":false},"excerpt":{"rendered":"<p>O novo coronav&iacute;rus est&aacute; a levantar cada vez mais quest&otilde;es e preocupa&ccedil;&otilde;es, e estas s&atilde;o &hellip; <\/p>\n","protected":false},"author":10,"featured_media":125,"parent":0,"menu_order":0,"comment_status":"closed","ping_status":"closed","template":"","meta":{"_acf_changed":false,"footnotes":""},"class_list":["post-123","page","type-page","status-publish","has-post-thumbnail","hentry"],"acf":[],"yoast_head":"<!-- This site is optimized with the Yoast SEO plugin v26.9 - https:\/\/yoast.com\/product\/yoast-seo-wordpress\/ -->\n<title>Covid-19: perguntas frequentes, transmiss\u00e3o e preven\u00e7\u00e3o<\/title>\n<meta name=\"description\" content=\"Yoopies re\u00fane as quest\u00f5es b\u00e1sicas sobre as formas de transmiss\u00e3o e como podemos combater o Covid-19.\" \/>\n<meta name=\"robots\" content=\"index, follow, max-snippet:-1, max-image-preview:large, max-video-preview:-1\" \/>\n<link rel=\"canonical\" href=\"https:\/\/yoopies.pt\/c\/covid-19-perguntas-frequentes-transmissao-e-prevencao\/\" \/>\n<meta property=\"og:locale\" content=\"pt_PT\" \/>\n<meta property=\"og:type\" content=\"article\" \/>\n<meta property=\"og:title\" content=\"Covid-19: perguntas frequentes, transmiss\u00e3o e preven\u00e7\u00e3o\" \/>\n<meta property=\"og:description\" content=\"Yoopies re\u00fane as quest\u00f5es b\u00e1sicas sobre as formas de transmiss\u00e3o e como podemos combater o Covid-19.\" \/>\n<meta property=\"og:url\" content=\"https:\/\/yoopies.pt\/c\/covid-19-perguntas-frequentes-transmissao-e-prevencao\/\" \/>\n<meta property=\"og:site_name\" content=\"Yoopies Portugal\" \/>\n<meta property=\"article:modified_time\" content=\"2025-06-12T08:50:11+00:00\" \/>\n<meta property=\"og:image\" content=\"https:\/\/yoopies.pt\/c\/wp-content\/uploads\/sites\/15\/2020\/04\/a55dff6f-c331-4c49-986f-cede99b92742-boy-wearing-surgical-mask-695954-1.jpg\" \/>\n\t<meta property=\"og:image:width\" content=\"1200\" \/>\n\t<meta property=\"og:image:height\" content=\"1200\" \/>\n\t<meta property=\"og:image:type\" content=\"image\/jpeg\" \/>\n<meta name=\"twitter:card\" content=\"summary_large_image\" \/>\n<meta name=\"twitter:label1\" content=\"Tempo estimado de leitura\" \/>\n\t<meta name=\"twitter:data1\" content=\"11 minutos\" \/>\n<script type=\"application\/ld+json\" class=\"yoast-schema-graph\">{\"@context\":\"https:\/\/schema.org\",\"@graph\":[{\"@type\":\"WebPage\",\"@id\":\"https:\/\/yoopies.pt\/c\/covid-19-perguntas-frequentes-transmissao-e-prevencao\/\",\"url\":\"https:\/\/yoopies.pt\/c\/covid-19-perguntas-frequentes-transmissao-e-prevencao\/\",\"name\":\"Covid-19: perguntas frequentes, transmiss\u00e3o e preven\u00e7\u00e3o\",\"isPartOf\":{\"@id\":\"https:\/\/yoopies.pt\/c\/#website\"},\"primaryImageOfPage\":{\"@id\":\"https:\/\/yoopies.pt\/c\/covid-19-perguntas-frequentes-transmissao-e-prevencao\/#primaryimage\"},\"image\":{\"@id\":\"https:\/\/yoopies.pt\/c\/covid-19-perguntas-frequentes-transmissao-e-prevencao\/#primaryimage\"},\"thumbnailUrl\":\"https:\/\/yoopies.pt\/c\/wp-content\/uploads\/sites\/15\/2020\/04\/a55dff6f-c331-4c49-986f-cede99b92742-boy-wearing-surgical-mask-695954-1.jpg\",\"datePublished\":\"2020-04-06T11:12:15+00:00\",\"dateModified\":\"2025-06-12T08:50:11+00:00\",\"description\":\"Yoopies re\u00fane as quest\u00f5es b\u00e1sicas sobre as formas de transmiss\u00e3o e como podemos combater o Covid-19.\",\"breadcrumb\":{\"@id\":\"https:\/\/yoopies.pt\/c\/covid-19-perguntas-frequentes-transmissao-e-prevencao\/#breadcrumb\"},\"inLanguage\":\"pt-PT\",\"potentialAction\":[{\"@type\":\"ReadAction\",\"target\":[\"https:\/\/yoopies.pt\/c\/covid-19-perguntas-frequentes-transmissao-e-prevencao\/\"]}]},{\"@type\":\"ImageObject\",\"inLanguage\":\"pt-PT\",\"@id\":\"https:\/\/yoopies.pt\/c\/covid-19-perguntas-frequentes-transmissao-e-prevencao\/#primaryimage\",\"url\":\"https:\/\/yoopies.pt\/c\/wp-content\/uploads\/sites\/15\/2020\/04\/a55dff6f-c331-4c49-986f-cede99b92742-boy-wearing-surgical-mask-695954-1.jpg\",\"contentUrl\":\"https:\/\/yoopies.pt\/c\/wp-content\/uploads\/sites\/15\/2020\/04\/a55dff6f-c331-4c49-986f-cede99b92742-boy-wearing-surgical-mask-695954-1.jpg\",\"width\":1200,\"height\":1200},{\"@type\":\"BreadcrumbList\",\"@id\":\"https:\/\/yoopies.pt\/c\/covid-19-perguntas-frequentes-transmissao-e-prevencao\/#breadcrumb\",\"itemListElement\":[{\"@type\":\"ListItem\",\"position\":1,\"name\":\"Home\",\"item\":\"https:\/\/yoopies.pt\/c\/\"},{\"@type\":\"ListItem\",\"position\":2,\"name\":\"Covid-19: perguntas frequentes, transmiss\u00e3o da doen\u00e7a e medidas de preven\u00e7\u00e3o\"}]},{\"@type\":\"WebSite\",\"@id\":\"https:\/\/yoopies.pt\/c\/#website\",\"url\":\"https:\/\/yoopies.pt\/c\/\",\"name\":\"Yoopies Portugal\",\"description\":\"\",\"potentialAction\":[{\"@type\":\"SearchAction\",\"target\":{\"@type\":\"EntryPoint\",\"urlTemplate\":\"https:\/\/yoopies.pt\/c\/?s={search_term_string}\"},\"query-input\":{\"@type\":\"PropertyValueSpecification\",\"valueRequired\":true,\"valueName\":\"search_term_string\"}}],\"inLanguage\":\"pt-PT\"}]}<\/script>\n<!-- \/ Yoast SEO plugin. -->","yoast_head_json":{"title":"Covid-19: perguntas frequentes, transmiss\u00e3o e preven\u00e7\u00e3o","description":"Yoopies re\u00fane as quest\u00f5es b\u00e1sicas sobre as formas de transmiss\u00e3o e como podemos combater o Covid-19.","robots":{"index":"index","follow":"follow","max-snippet":"max-snippet:-1","max-image-preview":"max-image-preview:large","max-video-preview":"max-video-preview:-1"},"canonical":"https:\/\/yoopies.pt\/c\/covid-19-perguntas-frequentes-transmissao-e-prevencao\/","og_locale":"pt_PT","og_type":"article","og_title":"Covid-19: perguntas frequentes, transmiss\u00e3o e preven\u00e7\u00e3o","og_description":"Yoopies re\u00fane as quest\u00f5es b\u00e1sicas sobre as formas de transmiss\u00e3o e como podemos combater o Covid-19.","og_url":"https:\/\/yoopies.pt\/c\/covid-19-perguntas-frequentes-transmissao-e-prevencao\/","og_site_name":"Yoopies Portugal","article_modified_time":"2025-06-12T08:50:11+00:00","og_image":[{"width":1200,"height":1200,"url":"https:\/\/yoopies.pt\/c\/wp-content\/uploads\/sites\/15\/2020\/04\/a55dff6f-c331-4c49-986f-cede99b92742-boy-wearing-surgical-mask-695954-1.jpg","type":"image\/jpeg"}],"twitter_card":"summary_large_image","twitter_misc":{"Tempo estimado de leitura":"11 minutos"},"schema":{"@context":"https:\/\/schema.org","@graph":[{"@type":"WebPage","@id":"https:\/\/yoopies.pt\/c\/covid-19-perguntas-frequentes-transmissao-e-prevencao\/","url":"https:\/\/yoopies.pt\/c\/covid-19-perguntas-frequentes-transmissao-e-prevencao\/","name":"Covid-19: perguntas frequentes, transmiss\u00e3o e preven\u00e7\u00e3o","isPartOf":{"@id":"https:\/\/yoopies.pt\/c\/#website"},"primaryImageOfPage":{"@id":"https:\/\/yoopies.pt\/c\/covid-19-perguntas-frequentes-transmissao-e-prevencao\/#primaryimage"},"image":{"@id":"https:\/\/yoopies.pt\/c\/covid-19-perguntas-frequentes-transmissao-e-prevencao\/#primaryimage"},"thumbnailUrl":"https:\/\/yoopies.pt\/c\/wp-content\/uploads\/sites\/15\/2020\/04\/a55dff6f-c331-4c49-986f-cede99b92742-boy-wearing-surgical-mask-695954-1.jpg","datePublished":"2020-04-06T11:12:15+00:00","dateModified":"2025-06-12T08:50:11+00:00","description":"Yoopies re\u00fane as quest\u00f5es b\u00e1sicas sobre as formas de transmiss\u00e3o e como podemos combater o Covid-19.","breadcrumb":{"@id":"https:\/\/yoopies.pt\/c\/covid-19-perguntas-frequentes-transmissao-e-prevencao\/#breadcrumb"},"inLanguage":"pt-PT","potentialAction":[{"@type":"ReadAction","target":["https:\/\/yoopies.pt\/c\/covid-19-perguntas-frequentes-transmissao-e-prevencao\/"]}]},{"@type":"ImageObject","inLanguage":"pt-PT","@id":"https:\/\/yoopies.pt\/c\/covid-19-perguntas-frequentes-transmissao-e-prevencao\/#primaryimage","url":"https:\/\/yoopies.pt\/c\/wp-content\/uploads\/sites\/15\/2020\/04\/a55dff6f-c331-4c49-986f-cede99b92742-boy-wearing-surgical-mask-695954-1.jpg","contentUrl":"https:\/\/yoopies.pt\/c\/wp-content\/uploads\/sites\/15\/2020\/04\/a55dff6f-c331-4c49-986f-cede99b92742-boy-wearing-surgical-mask-695954-1.jpg","width":1200,"height":1200},{"@type":"BreadcrumbList","@id":"https:\/\/yoopies.pt\/c\/covid-19-perguntas-frequentes-transmissao-e-prevencao\/#breadcrumb","itemListElement":[{"@type":"ListItem","position":1,"name":"Home","item":"https:\/\/yoopies.pt\/c\/"},{"@type":"ListItem","position":2,"name":"Covid-19: perguntas frequentes, transmiss\u00e3o da doen\u00e7a e medidas de preven\u00e7\u00e3o"}]},{"@type":"WebSite","@id":"https:\/\/yoopies.pt\/c\/#website","url":"https:\/\/yoopies.pt\/c\/","name":"Yoopies Portugal","description":"","potentialAction":[{"@type":"SearchAction","target":{"@type":"EntryPoint","urlTemplate":"https:\/\/yoopies.pt\/c\/?s={search_term_string}"},"query-input":{"@type":"PropertyValueSpecification","valueRequired":true,"valueName":"search_term_string"}}],"inLanguage":"pt-PT"}]}},"_links":{"self":[{"href":"https:\/\/yoopies.pt\/c\/wp-json\/wp\/v2\/pages\/123","targetHints":{"allow":["GET"]}}],"collection":[{"href":"https:\/\/yoopies.pt\/c\/wp-json\/wp\/v2\/pages"}],"about":[{"href":"https:\/\/yoopies.pt\/c\/wp-json\/wp\/v2\/types\/page"}],"author":[{"embeddable":true,"href":"https:\/\/yoopies.pt\/c\/wp-json\/wp\/v2\/users\/10"}],"replies":[{"embeddable":true,"href":"https:\/\/yoopies.pt\/c\/wp-json\/wp\/v2\/comments?post=123"}],"version-history":[{"count":1,"href":"https:\/\/yoopies.pt\/c\/wp-json\/wp\/v2\/pages\/123\/revisions"}],"predecessor-version":[{"id":126,"href":"https:\/\/yoopies.pt\/c\/wp-json\/wp\/v2\/pages\/123\/revisions\/126"}],"wp:featuredmedia":[{"embeddable":true,"href":"https:\/\/yoopies.pt\/c\/wp-json\/wp\/v2\/media\/125"}],"wp:attachment":[{"href":"https:\/\/yoopies.pt\/c\/wp-json\/wp\/v2\/media?parent=123"}],"curies":[{"name":"wp","href":"https:\/\/api.w.org\/{rel}","templated":true}]}}